CRAN Package Check Results for Package MultiKink

Last updated on 2023-02-01 10:51:54 CET.

Flavor Version Tinstall Tcheck Ttotal Status Flags
r-devel-linux-x86_64-debian-clang 0.1.0 7.06 98.56 105.62 OK
r-devel-linux-x86_64-debian-gcc 0.1.0 8.54 76.12 84.66 OK
r-devel-linux-x86_64-fedora-clang 0.1.0 134.71 NOTE
r-devel-linux-x86_64-fedora-gcc 0.1.0 143.73 NOTE
r-devel-windows-x86_64 0.1.0 18.00 123.00 141.00 OK
r-patched-linux-x86_64 0.1.0 7.27 96.59 103.86 OK
r-release-linux-x86_64 0.1.0 8.38 94.68 103.06 OK
r-release-macos-arm64 0.1.0 57.00 NOTE
r-release-macos-x86_64 0.1.0 55.00 NOTE
r-release-windows-x86_64 0.1.0 18.00 132.00 150.00 OK
r-oldrel-macos-arm64 0.1.0 49.00 NOTE
r-oldrel-macos-x86_64 0.1.0 70.00 NOTE
r-oldrel-windows-ix86+x86_64 0.1.0 20.00 119.00 139.00 OK

Check Details

Version: 0.1.0
Check: dependencies in R code
Result: NOTE
    Namespace in Imports field not imported from: ‘MASS’
     All declared Imports should be used.
Flavors: r-devel-linux-x86_64-fedora-clang, r-devel-linux-x86_64-fedora-gcc, r-release-macos-arm64, r-release-macos-x86_64, r-oldrel-macos-arm64, r-oldrel-macos-x86_64