Last updated on 2022-07-05 10:48:59 CEST.
Flavor | Version | Tinstall | Tcheck | Ttotal | Status | Flags |
---|---|---|---|---|---|---|
r-devel-linux-x86_64-debian-clang | 0.2.0 | 106.51 | 150.90 | 257.41 | OK | |
r-devel-linux-x86_64-debian-gcc | 0.2.0 | 81.32 | 107.30 | 188.62 | OK | |
r-devel-linux-x86_64-fedora-clang | 0.2.0 | 353.92 | NOTE | |||
r-devel-linux-x86_64-fedora-gcc | 0.2.0 | 346.84 | NOTE | |||
r-devel-windows-x86_64 | 0.2.0 | 94.00 | 179.00 | 273.00 | OK | |
r-patched-linux-x86_64 | 0.2.0 | 91.49 | 155.15 | 246.64 | OK | |
r-release-linux-x86_64 | 0.2.0 | 88.27 | 157.91 | 246.18 | OK | |
r-release-macos-arm64 | 0.2.0 | 71.00 | NOTE | |||
r-release-macos-x86_64 | 0.2.0 | 96.00 | NOTE | |||
r-release-windows-x86_64 | 0.2.0 | 107.00 | 178.00 | 285.00 | OK | |
r-oldrel-macos-arm64 | 0.2.0 | 102.00 | NOTE | |||
r-oldrel-macos-x86_64 | 0.2.0 | 155.00 | NOTE | |||
r-oldrel-windows-ix86+x86_64 | 0.2.0 | 271.00 | 183.00 | 454.00 | OK |
Version: 0.2.0
Check: compiled code
Result: NOTE
File ‘MultiBD/libs/MultiBD.so’:
Found no calls to: ‘R_registerRoutines’, ‘R_useDynamicSymbols’
It is good practice to register native routines and to disable symbol
search.
See ‘Writing portable packages’ in the ‘Writing R Extensions’ manual.
Flavors: r-devel-linux-x86_64-fedora-clang, r-devel-linux-x86_64-fedora-gcc
Version: 0.2.0
Check: installed package size
Result: NOTE
installed size is 6.4Mb
sub-directories of 1Mb or more:
libs 4.8Mb
Flavors: r-release-macos-arm64, r-release-macos-x86_64, r-oldrel-macos-arm64, r-oldrel-macos-x86_64