Last updated on 2024-03-28 10:49:40 CET.
Flavor | Version | Tinstall | Tcheck | Ttotal | Status | Flags |
---|---|---|---|---|---|---|
r-devel-linux-x86_64-debian-clang | 23.11.0 | 50.24 | 292.84 | 343.08 | OK | |
r-devel-linux-x86_64-debian-gcc | 23.11.0 | 36.30 | 210.80 | 247.10 | OK | |
r-devel-linux-x86_64-fedora-clang | 23.11.0 | 466.16 | OK | |||
r-devel-linux-x86_64-fedora-gcc | 23.11.0 | 412.96 | OK | |||
r-devel-windows-x86_64 | 23.11.0 | 39.00 | 259.00 | 298.00 | OK | |
r-patched-linux-x86_64 | 23.11.0 | 47.85 | 287.07 | 334.92 | OK | |
r-release-linux-x86_64 | 23.11.0 | 39.07 | 281.03 | 320.10 | OK | |
r-release-macos-arm64 | 23.11.0 | 71.00 | OK | |||
r-release-macos-x86_64 | 23.11.0 | 147.00 | OK | |||
r-release-windows-x86_64 | 23.11.0 | 44.00 | 327.00 | 371.00 | OK | |
r-oldrel-macos-arm64 | 23.11.0 | 76.00 | NOTE | |||
r-oldrel-windows-x86_64 | 23.11.0 | 43.00 | 328.00 | 371.00 | NOTE |
Version: 23.11.0
Check: S3 generic/method consistency
Result: NOTE
Found the following apparent S3 methods exported but not registered:
plot.TetraDualStatis summary.TetraDualStatis
See section ‘Registering S3 methods’ in the ‘Writing R Extensions’
manual.
Flavors: r-oldrel-macos-arm64, r-oldrel-windows-x86_64