CRAN Package Check Results for Package MultAlloc

Last updated on 2022-12-09 10:00:27 CET.

Flavor Version Tinstall Tcheck Ttotal Status Flags
r-devel-linux-x86_64-debian-clang 1.2 2.01 22.40 24.41 NOTE
r-devel-linux-x86_64-debian-gcc 1.2 1.75 17.79 19.54 NOTE
r-devel-linux-x86_64-fedora-clang 1.2 40.75 NOTE
r-devel-linux-x86_64-fedora-gcc 1.2 39.75 NOTE
r-devel-windows-x86_64 1.2 8.00 49.00 57.00 NOTE
r-patched-linux-x86_64 1.2 2.14 21.21 23.35 NOTE
r-release-linux-x86_64 1.2 1.66 21.71 23.37 NOTE
r-release-macos-arm64 1.2 12.00 NOTE
r-release-macos-x86_64 1.2 18.00 NOTE
r-release-windows-x86_64 1.2 4.00 44.00 48.00 NOTE
r-oldrel-macos-arm64 1.2 20.00 NOTE
r-oldrel-macos-x86_64 1.2 25.00 NOTE
r-oldrel-windows-ix86+x86_64 1.2 4.00 37.00 41.00 NOTE

Check Details

Version: 1.2
Check: LazyData
Result: NOTE
     'LazyData' is specified without a 'data' directory
Flavors: r-devel-linux-x86_64-debian-clang, r-devel-linux-x86_64-debian-gcc, r-devel-linux-x86_64-fedora-clang, r-devel-linux-x86_64-fedora-gcc, r-devel-windows-x86_64, r-patched-linux-x86_64, r-release-linux-x86_64, r-release-macos-arm64, r-release-macos-x86_64, r-release-windows-x86_64, r-oldrel-macos-arm64, r-oldrel-macos-x86_64, r-oldrel-windows-ix86+x86_64