Last updated on 2024-04-24 10:23:01 CEST.
Flavor | Version | Tinstall | Tcheck | Ttotal | Status | Flags |
---|---|---|---|---|---|---|
r-devel-linux-x86_64-debian-clang | 1.3.3 | 6.00 | 36.23 | 42.23 | OK | |
r-devel-linux-x86_64-debian-gcc | 1.3.3 | 4.48 | 28.19 | 32.67 | OK | |
r-devel-linux-x86_64-fedora-clang | 1.3.3 | 54.28 | NOTE | |||
r-devel-linux-x86_64-fedora-gcc | 1.3.3 | 55.84 | NOTE | |||
r-devel-windows-x86_64 | 1.3.3 | 7.00 | 54.00 | 61.00 | OK | |
r-patched-linux-x86_64 | 1.3.3 | 6.43 | 36.38 | 42.81 | OK | |
r-release-linux-x86_64 | 1.3.3 | 7.99 | 36.16 | 44.15 | OK | |
r-release-macos-arm64 | 1.3.3 | 26.00 | NOTE | |||
r-release-windows-x86_64 | 1.3.3 | 10.00 | 56.00 | 66.00 | OK | |
r-oldrel-macos-arm64 | 1.3.3 | 23.00 | NOTE | |||
r-oldrel-macos-x86_64 | 1.3.3 | 33.00 | NOTE | |||
r-oldrel-windows-x86_64 | 1.3.3 | 9.00 | 56.00 | 65.00 | OK |
Version: 1.3.3
Check: data for non-ASCII characters
Result: NOTE
Note: found 20578 marked UTF-8 strings
Flavors: r-devel-linux-x86_64-fedora-clang, r-devel-linux-x86_64-fedora-gcc
Version: 1.3.3
Check: installed package size
Result: NOTE
installed size is 5.3Mb
sub-directories of 1Mb or more:
data 5.0Mb
Flavors: r-release-macos-arm64, r-oldrel-macos-arm64, r-oldrel-macos-x86_64