Last updated on 2024-04-18 10:49:54 CEST.
Flavor | Version | Tinstall | Tcheck | Ttotal | Status | Flags |
---|---|---|---|---|---|---|
r-devel-linux-x86_64-debian-clang | 0.1.2 | 6.58 | 243.44 | 250.02 | NOTE | |
r-devel-linux-x86_64-debian-gcc | 0.1.2 | 4.57 | 165.90 | 170.47 | NOTE | |
r-devel-linux-x86_64-fedora-clang | 0.1.2 | 287.12 | NOTE | |||
r-devel-linux-x86_64-fedora-gcc | 0.1.2 | 310.03 | NOTE | |||
r-prerel-macos-arm64 | 0.1.2 | 73.00 | NOTE | |||
r-prerel-windows-x86_64 | 0.1.2 | 7.00 | 170.00 | 177.00 | NOTE | |
r-patched-linux-x86_64 | 0.1.2 | 6.01 | 224.85 | 230.86 | NOTE | |
r-release-linux-x86_64 | 0.1.2 | 5.96 | 227.38 | 233.34 | NOTE | |
r-release-macos-arm64 | 0.1.2 | 79.00 | NOTE | |||
r-release-macos-x86_64 | 0.1.2 | 126.00 | NOTE | |||
r-release-windows-x86_64 | 0.1.2 | 9.00 | 230.00 | 239.00 | NOTE | |
r-oldrel-macos-arm64 | 0.1.2 | 75.00 | NOTE | |||
r-oldrel-windows-x86_64 | 0.1.2 | 8.00 | 240.00 | 248.00 | NOTE |
Version: 0.1.2
Check: LazyData
Result: NOTE
'LazyData' is specified without a 'data' directory
Flavors: r-devel-linux-x86_64-debian-clang, r-devel-linux-x86_64-debian-gcc, r-devel-linux-x86_64-fedora-clang, r-devel-linux-x86_64-fedora-gcc, r-prerel-macos-arm64, r-prerel-windows-x86_64, r-patched-linux-x86_64, r-release-linux-x86_64, r-release-macos-arm64, r-release-macos-x86_64, r-release-windows-x86_64, r-oldrel-macos-arm64, r-oldrel-windows-x86_64
Version: 0.1.2
Check: dependencies in R code
Result: NOTE
Namespace in Imports field not imported from: ‘rlang’
All declared Imports should be used.
Flavors: r-devel-linux-x86_64-fedora-clang, r-devel-linux-x86_64-fedora-gcc, r-oldrel-macos-arm64