Last updated on 2024-05-11 09:51:25 CEST.
Flavor | Version | Tinstall | Tcheck | Ttotal | Status | Flags |
---|---|---|---|---|---|---|
r-devel-linux-x86_64-debian-clang | 0.4.7 | 0.99 | 2.27 | 3.26 | ERROR | |
r-devel-linux-x86_64-debian-gcc | 0.4.7 | 12.22 | 106.14 | 118.36 | OK | |
r-devel-linux-x86_64-fedora-clang | 0.4.7 | 216.21 | OK | |||
r-devel-linux-x86_64-fedora-gcc | 0.4.7 | 231.69 | OK | |||
r-devel-windows-x86_64 | 0.4.7 | 15.00 | 150.00 | 165.00 | OK | |
r-patched-linux-x86_64 | 0.4.7 | 1.02 | 2.34 | 3.36 | ERROR | |
r-release-linux-x86_64 | 0.4.7 | 0.84 | 2.26 | 3.10 | ERROR | |
r-release-macos-arm64 | 0.4.7 | 60.00 | OK | |||
r-release-macos-x86_64 | 0.4.7 | 200.00 | OK | |||
r-release-windows-x86_64 | 0.4.7 | 16.00 | 130.00 | 146.00 | OK | |
r-oldrel-macos-arm64 | 0.4.7 | 69.00 | OK | |||
r-oldrel-macos-x86_64 | 0.4.7 | 141.00 | OK | |||
r-oldrel-windows-x86_64 | 0.4.7 | 18.00 | 162.00 | 180.00 | OK |
Version: 0.4.7
Check: package dependencies
Result: ERROR
Package required but not available: ‘RMark’
See section ‘The DESCRIPTION file’ in the ‘Writing R Extensions’
manual.
Flavors: r-devel-linux-x86_64-debian-clang, r-patched-linux-x86_64, r-release-linux-x86_64