CRAN Package Check Results for Package MethComp

Last updated on 2020-08-10 10:03:07 CEST.

Flavor Version Tinstall Tcheck Ttotal Status Flags
r-devel-linux-x86_64-debian-clang 1.30.0 6.98 87.77 94.75 OK
r-devel-linux-x86_64-debian-gcc 1.30.0 6.44 68.37 74.81 OK
r-devel-linux-x86_64-fedora-clang 1.30.0 121.93 NOTE
r-devel-linux-x86_64-fedora-gcc 1.30.0 112.44 OK
r-devel-windows-ix86+x86_64 1.30.0 18.00 115.00 133.00 OK
r-patched-linux-x86_64 1.30.0 6.32 87.97 94.29 OK
r-patched-solaris-x86 1.30.0 158.60 OK
r-release-linux-x86_64 1.30.0 8.14 87.66 95.80 OK
r-release-macos-x86_64 1.30.0 OK
r-release-windows-ix86+x86_64 1.30.0 18.00 153.00 171.00 OK
r-oldrel-macos-x86_64 1.30.0 OK
r-oldrel-windows-ix86+x86_64 1.30.0 15.00 85.00 100.00 OK

Check Details

Version: 1.30.0
Check: Rd cross-references
Result: NOTE
    Undeclared package ‘R2WinBUGS’ in Rd xrefs
Flavor: r-devel-linux-x86_64-fedora-clang