Last updated on 2024-04-26 09:52:05 CEST.
Flavor | Version | Tinstall | Tcheck | Ttotal | Status | Flags |
---|---|---|---|---|---|---|
r-devel-linux-x86_64-debian-clang | 2.1.2 | 13.58 | 115.71 | 129.29 | OK | |
r-devel-linux-x86_64-debian-gcc | 2.1.2 | 11.76 | 84.18 | 95.94 | OK | |
r-devel-linux-x86_64-fedora-clang | 2.1.2 | 160.03 | NOTE | |||
r-devel-linux-x86_64-fedora-gcc | 2.1.2 | 159.75 | NOTE | |||
r-devel-windows-x86_64 | 2.1.2 | 13.00 | 92.00 | 105.00 | OK | |
r-patched-linux-x86_64 | 2.1.2 | 12.59 | 110.57 | 123.16 | OK | |
r-release-linux-x86_64 | 2.1.2 | 11.76 | 113.81 | 125.57 | OK | |
r-release-macos-arm64 | 2.1.2 | 46.00 | OK | |||
r-release-windows-x86_64 | 2.1.2 | 14.00 | 96.00 | 110.00 | OK | |
r-oldrel-macos-arm64 | 2.1.2 | 47.00 | OK | |||
r-oldrel-macos-x86_64 | 2.1.2 | 76.00 | OK | |||
r-oldrel-windows-x86_64 | 2.1.2 | 18.00 | 112.00 | 130.00 | OK |
Version: 2.1.2
Check: dependencies in R code
Result: NOTE
Namespace in Imports field not imported from: ‘metadat’
All declared Imports should be used.
Flavors: r-devel-linux-x86_64-fedora-clang, r-devel-linux-x86_64-fedora-gcc