Last updated on 2024-03-28 10:49:39 CET.
Flavor | Version | Tinstall | Tcheck | Ttotal | Status | Flags |
---|---|---|---|---|---|---|
r-devel-linux-x86_64-debian-clang | 1.1.2 | 23.78 | 337.38 | 361.16 | NOTE | |
r-devel-linux-x86_64-debian-gcc | 1.1.2 | 19.24 | 252.75 | 271.99 | NOTE | |
r-devel-linux-x86_64-fedora-clang | 1.1.2 | 444.08 | NOTE | |||
r-devel-linux-x86_64-fedora-gcc | 1.1.2 | 448.06 | NOTE | |||
r-devel-windows-x86_64 | 1.1.2 | 21.00 | 276.00 | 297.00 | NOTE | |
r-patched-linux-x86_64 | 1.1.2 | 27.19 | 327.09 | 354.28 | NOTE | |
r-release-linux-x86_64 | 1.1.2 | 15.78 | 327.38 | 343.16 | OK | |
r-release-macos-arm64 | 1.1.2 | 146.00 | OK | |||
r-release-macos-x86_64 | 1.1.2 | 228.00 | OK | |||
r-release-windows-x86_64 | 1.1.2 | 29.00 | 331.00 | 360.00 | OK | |
r-oldrel-macos-arm64 | 1.1.2 | 133.00 | OK | |||
r-oldrel-windows-x86_64 | 1.1.2 | 32.00 | 342.00 | 374.00 | OK |
Version: 1.1.2
Check: Rd files
Result: NOTE
checkRd: (-1) Mercator-class.Rd:91-92: Lost braces
91 | \item{barplot{height, main = '', sub = NULL, border = NA, space =
| ^
checkRd: (-1) Mercator-class.Rd:109-112: Lost braces
109 | \item{hist:}{\code{signature(object = "Mercator")}}{
| ^
checkRd: (-1) Mercator-class.Rd:113-116: Lost braces
113 | \item{summary:}{\code{signature(object = "Mercator")}}{
| ^
checkRd: (-1) Mercator-class.Rd:117-119: Lost braces
117 | \item{dim:}{\code{signature(object = "Mercator")}}{
| ^
checkRd: (-1) Mercator-class.Rd:120-122: Lost braces
120 | \item{[:}{\code{signature(object = "Mercator")}}{
| ^
checkRd: (-1) threshLGF.Rd:21: Lost braces; missing escapes or markup?
21 | \item{object}{An object of class {BinaryMatrix}
| ^
Flavors: r-devel-linux-x86_64-debian-clang, r-devel-linux-x86_64-debian-gcc, r-devel-linux-x86_64-fedora-clang, r-devel-linux-x86_64-fedora-gcc, r-devel-windows-x86_64, r-patched-linux-x86_64