Last updated on 2024-04-24 10:22:59 CEST.
Flavor | Version | Tinstall | Tcheck | Ttotal | Status | Flags |
---|---|---|---|---|---|---|
r-devel-linux-x86_64-debian-clang | 0.6.2 | 14.71 | 96.86 | 111.57 | NOTE | |
r-devel-linux-x86_64-debian-gcc | 0.6.2 | 9.35 | 69.15 | 78.50 | NOTE | |
r-devel-linux-x86_64-fedora-clang | 0.6.2 | 131.38 | NOTE | |||
r-devel-linux-x86_64-fedora-gcc | 0.6.2 | 144.08 | NOTE | |||
r-devel-windows-x86_64 | 0.6.2 | 11.00 | 90.00 | 101.00 | NOTE | |
r-patched-linux-x86_64 | 0.6.2 | 10.44 | 91.33 | 101.77 | NOTE | |
r-release-linux-x86_64 | 0.6.2 | 12.13 | 94.20 | 106.33 | NOTE | |
r-release-macos-arm64 | 0.6.2 | 40.00 | NOTE | |||
r-release-windows-x86_64 | 0.6.2 | 14.00 | 106.00 | 120.00 | NOTE | |
r-oldrel-macos-arm64 | 0.6.2 | 36.00 | NOTE | |||
r-oldrel-macos-x86_64 | 0.6.2 | 66.00 | NOTE | |||
r-oldrel-windows-x86_64 | 0.6.2 | 14.00 | 103.00 | 117.00 | NOTE |
Version: 0.6.2
Check: LazyData
Result: NOTE
'LazyData' is specified without a 'data' directory
Flavors: r-devel-linux-x86_64-debian-clang, r-devel-linux-x86_64-debian-gcc, r-devel-linux-x86_64-fedora-clang, r-devel-linux-x86_64-fedora-gcc, r-devel-windows-x86_64, r-patched-linux-x86_64, r-release-linux-x86_64, r-release-macos-arm64, r-release-windows-x86_64, r-oldrel-macos-arm64, r-oldrel-macos-x86_64, r-oldrel-windows-x86_64