CRAN Package Check Results for Package MSEtool

Last updated on 2023-01-30 10:52:06 CET.

Flavor Version Tinstall Tcheck Ttotal Status Flags
r-devel-linux-x86_64-debian-clang 3.6.1 145.29 291.17 436.46 OK
r-devel-linux-x86_64-debian-gcc 3.6.1 122.86 207.85 330.71 OK
r-devel-linux-x86_64-fedora-clang 3.6.1 578.16 NOTE
r-devel-linux-x86_64-fedora-gcc 3.6.1 535.72 OK
r-devel-windows-x86_64 3.6.1 289.00 343.00 632.00 NOTE
r-patched-linux-x86_64 3.6.1 120.33 257.96 378.29 OK
r-release-linux-x86_64 3.6.1 136.02 261.52 397.54 OK
r-release-macos-arm64 3.6.1 113.00 NOTE
r-release-macos-x86_64 3.6.1 155.00 NOTE
r-release-windows-x86_64 3.6.1 285.00 301.00 586.00 NOTE
r-oldrel-macos-arm64 3.6.1 111.00 NOTE
r-oldrel-macos-x86_64 3.6.1 159.00 NOTE
r-oldrel-windows-ix86+x86_64 3.6.1 318.00 324.00 642.00 NOTE

Check Details

Version: 3.6.1
Check: installed package size
Result: NOTE
     installed size is 7.7Mb
     sub-directories of 1Mb or more:
     R 1.9Mb
     data 4.5Mb
Flavors: r-devel-linux-x86_64-fedora-clang, r-devel-windows-x86_64, r-release-macos-arm64, r-release-macos-x86_64, r-release-windows-x86_64, r-oldrel-macos-arm64, r-oldrel-macos-x86_64, r-oldrel-windows-ix86+x86_64