Last updated on 2024-04-23 10:54:09 CEST.
Flavor | Version | Tinstall | Tcheck | Ttotal | Status | Flags |
---|---|---|---|---|---|---|
r-devel-linux-x86_64-debian-clang | 3.7.1 | 160.01 | 312.31 | 472.32 | OK | |
r-devel-linux-x86_64-debian-gcc | 3.7.1 | 123.87 | 210.58 | 334.45 | OK | |
r-devel-linux-x86_64-fedora-clang | 3.7.1 | 610.07 | NOTE | |||
r-devel-linux-x86_64-fedora-gcc | 3.7.1 | 592.17 | OK | |||
r-prerel-macos-arm64 | 3.7.1 | 128.00 | NOTE | |||
r-prerel-macos-x86_64 | 3.7.1 | 338.00 | NOTE | |||
r-prerel-windows-x86_64 | 3.7.1 | 129.00 | 245.00 | 374.00 | NOTE | |
r-patched-linux-x86_64 | 3.7.1 | 162.22 | 281.94 | 444.16 | OK | |
r-release-linux-x86_64 | 3.7.1 | 149.46 | 294.70 | 444.16 | OK | |
r-release-macos-arm64 | 3.7.1 | 133.00 | NOTE | |||
r-release-macos-x86_64 | 3.7.1 | 254.00 | NOTE | |||
r-release-windows-x86_64 | 3.7.1 | 172.00 | 312.00 | 484.00 | NOTE | |
r-oldrel-macos-arm64 | 3.7.1 | 119.00 | NOTE | |||
r-oldrel-windows-x86_64 | 3.7.1 | 162.00 | 254.00 | 416.00 | NOTE |
Version: 3.7.1
Check: installed package size
Result: NOTE
installed size is 7.8Mb
sub-directories of 1Mb or more:
R 1.9Mb
data 4.4Mb
Flavors: r-devel-linux-x86_64-fedora-clang, r-prerel-macos-arm64, r-prerel-macos-x86_64, r-prerel-windows-x86_64, r-release-macos-arm64, r-release-macos-x86_64, r-release-windows-x86_64, r-oldrel-macos-arm64, r-oldrel-windows-x86_64