Last updated on 2023-01-27 10:50:22 CET.
Flavor | Version | Tinstall | Tcheck | Ttotal | Status | Flags |
---|---|---|---|---|---|---|
r-devel-linux-x86_64-debian-clang | 0.8.0 | 45.69 | 58.66 | 104.35 | NOTE | |
r-devel-linux-x86_64-debian-gcc | 0.8.0 | 37.64 | 44.14 | 81.78 | NOTE | |
r-devel-linux-x86_64-fedora-clang | 0.8.0 | 148.62 | NOTE | |||
r-devel-linux-x86_64-fedora-gcc | 0.8.0 | 142.61 | NOTE | |||
r-devel-windows-x86_64 | 0.8.0 | 41.00 | 102.00 | 143.00 | NOTE | |
r-patched-linux-x86_64 | 0.8.0 | 39.80 | 58.28 | 98.08 | NOTE | |
r-release-linux-x86_64 | 0.8.0 | 43.76 | 60.44 | 104.20 | NOTE | |
r-release-macos-arm64 | 0.8.0 | 42.00 | NOTE | |||
r-release-macos-x86_64 | 0.8.0 | 72.00 | NOTE | |||
r-release-windows-x86_64 | 0.8.0 | 48.00 | 103.00 | 151.00 | NOTE | |
r-oldrel-macos-arm64 | 0.8.0 | 44.00 | NOTE | |||
r-oldrel-macos-x86_64 | 0.8.0 | 65.00 | NOTE | |||
r-oldrel-windows-ix86+x86_64 | 0.8.0 | 113.00 | 119.00 | 232.00 | NOTE |
Version: 0.8.0
Check: LazyData
Result: NOTE
'LazyData' is specified without a 'data' directory
Flavors: r-devel-linux-x86_64-debian-clang, r-devel-linux-x86_64-debian-gcc, r-devel-linux-x86_64-fedora-clang, r-devel-linux-x86_64-fedora-gcc, r-devel-windows-x86_64, r-patched-linux-x86_64, r-release-linux-x86_64, r-release-macos-arm64, r-release-macos-x86_64, r-release-windows-x86_64, r-oldrel-macos-arm64, r-oldrel-macos-x86_64, r-oldrel-windows-ix86+x86_64