CRAN Package Check Results for Package MLmetrics

Last updated on 2022-06-28 10:49:12 CEST.

Flavor Version Tinstall Tcheck Ttotal Status Flags
r-devel-linux-x86_64-debian-clang 1.1.1 2.86 25.71 28.57 NOTE
r-devel-linux-x86_64-debian-gcc 1.1.1 2.08 19.82 21.90 NOTE
r-devel-linux-x86_64-fedora-clang 1.1.1 46.79 WARN
r-devel-linux-x86_64-fedora-gcc 1.1.1 44.18 WARN
r-devel-windows-x86_64 1.1.1 29.00 52.00 81.00 NOTE
r-patched-linux-x86_64 1.1.1 2.98 24.71 27.69 NOTE
r-release-linux-x86_64 1.1.1 2.45 24.70 27.15 NOTE
r-release-macos-arm64 1.1.1 15.00 NOTE
r-release-macos-x86_64 1.1.1 24.00 NOTE
r-release-windows-x86_64 1.1.1 25.00 53.00 78.00 NOTE
r-oldrel-macos-arm64 1.1.1 20.00 NOTE
r-oldrel-macos-x86_64 1.1.1 29.00 NOTE
r-oldrel-windows-ix86+x86_64 1.1.1 6.00 46.00 52.00 NOTE

Check Details

Version: 1.1.1
Check: LazyData
Result: NOTE
     'LazyData' is specified without a 'data' directory
Flavors: r-devel-linux-x86_64-debian-clang, r-devel-linux-x86_64-debian-gcc, r-devel-linux-x86_64-fedora-clang, r-devel-linux-x86_64-fedora-gcc, r-devel-windows-x86_64, r-patched-linux-x86_64, r-release-linux-x86_64, r-release-macos-arm64, r-release-macos-x86_64, r-release-windows-x86_64, r-oldrel-macos-arm64, r-oldrel-macos-x86_64, r-oldrel-windows-ix86+x86_64

Version: 1.1.1
Check: package dependencies
Result: WARN
    Requires (indirectly) orphaned package: ‘gtools’
Flavors: r-devel-linux-x86_64-fedora-clang, r-devel-linux-x86_64-fedora-gcc

Version: 1.1.1
Check: dependencies in R code
Result: NOTE
    Namespace in Imports field not imported from: ‘utils’
     All declared Imports should be used.
Flavors: r-devel-linux-x86_64-fedora-clang, r-devel-linux-x86_64-fedora-gcc, r-release-macos-arm64, r-release-macos-x86_64, r-oldrel-macos-arm64, r-oldrel-macos-x86_64