CRAN Package Check Results for Package MInt

Last updated on 2020-08-12 10:10:17 CEST.

Flavor Version Tinstall Tcheck Ttotal Status Flags
r-devel-linux-x86_64-debian-clang 1.0.1 2.89 35.68 38.57 NOTE
r-devel-linux-x86_64-debian-gcc 1.0.1 2.20 27.55 29.75 NOTE
r-devel-linux-x86_64-fedora-clang 1.0.1 53.82 NOTE
r-devel-linux-x86_64-fedora-gcc 1.0.1 45.95 NOTE
r-devel-windows-ix86+x86_64 1.0.1 10.00 43.00 53.00 NOTE
r-patched-linux-x86_64 1.0.1 2.95 35.62 38.57 NOTE
r-patched-solaris-x86 1.0.1 69.00 NOTE
r-release-linux-x86_64 1.0.1 2.79 34.94 37.73 NOTE
r-release-macos-x86_64 1.0.1 NOTE
r-release-windows-ix86+x86_64 1.0.1 10.00 64.00 74.00 NOTE
r-oldrel-macos-x86_64 1.0.1 NOTE
r-oldrel-windows-ix86+x86_64 1.0.1 5.00 48.00 53.00 NOTE

Check Details

Version: 1.0.1
Check: R code for possible problems
Result: NOTE
    read_design: no visible global function definition for 'model.frame'
    read_design: no visible global function definition for 'read.table'
    read_design: no visible global function definition for 'model.matrix'
    read_response: no visible global function definition for 'read.table'
    update_beta: no visible global function definition for 'update'
    update_beta: no visible global function definition for 'glm'
    update_beta: no visible global function definition for 'poisson'
    Undefined global functions or variables:
     glm model.frame model.matrix poisson read.table update
    Consider adding
     importFrom("stats", "glm", "model.frame", "model.matrix", "poisson",
     "update")
     importFrom("utils", "read.table")
    to your NAMESPACE file.
Flavors: r-devel-linux-x86_64-debian-clang, r-devel-linux-x86_64-debian-gcc, r-devel-linux-x86_64-fedora-clang, r-devel-linux-x86_64-fedora-gcc, r-devel-windows-ix86+x86_64, r-patched-linux-x86_64, r-patched-solaris-x86, r-release-linux-x86_64, r-release-macos-x86_64, r-release-windows-ix86+x86_64, r-oldrel-macos-x86_64, r-oldrel-windows-ix86+x86_64