Last updated on 2024-03-28 10:49:39 CET.
Flavor | Version | Tinstall | Tcheck | Ttotal | Status | Flags |
---|---|---|---|---|---|---|
r-devel-linux-x86_64-debian-clang | 0.5.12 | 281.18 | 137.22 | 418.40 | OK | |
r-devel-linux-x86_64-debian-gcc | 0.5.12 | 202.70 | 103.70 | 306.40 | OK | |
r-devel-linux-x86_64-fedora-clang | 0.5.12 | 661.93 | OK | |||
r-devel-linux-x86_64-fedora-gcc | 0.5.12 | 594.47 | OK | |||
r-devel-windows-x86_64 | 0.5.12 | 198.00 | 157.00 | 355.00 | OK | |
r-patched-linux-x86_64 | 0.5.12 | 247.05 | 135.90 | 382.95 | OK | |
r-release-linux-x86_64 | 0.5.12 | 259.92 | 138.80 | 398.72 | OK | |
r-release-macos-arm64 | 0.5.12 | 120.00 | NOTE | |||
r-release-macos-x86_64 | 0.5.12 | 182.00 | NOTE | |||
r-release-windows-x86_64 | 0.5.12 | 253.00 | 196.00 | 449.00 | OK | |
r-oldrel-macos-arm64 | 0.5.12 | 114.00 | NOTE | |||
r-oldrel-windows-x86_64 | 0.5.12 | 251.00 | 182.00 | 433.00 | OK |
Version: 0.5.12
Check: installed package size
Result: NOTE
installed size is 8.6Mb
sub-directories of 1Mb or more:
data 2.7Mb
libs 5.5Mb
Flavors: r-release-macos-arm64, r-release-macos-x86_64, r-oldrel-macos-arm64