CRAN Package Check Results for Package MDSPCAShiny

Last updated on 2023-01-29 11:07:40 CET.

Flavor Version Tinstall Tcheck Ttotal Status Flags
r-devel-linux-x86_64-debian-clang 0.1.0 1.94 19.31 21.25 NOTE
r-devel-linux-x86_64-debian-gcc 0.1.0 1.66 15.66 17.32 NOTE
r-devel-linux-x86_64-fedora-clang 0.1.0 27.84 NOTE
r-devel-linux-x86_64-fedora-gcc 0.1.0 29.65 NOTE
r-devel-windows-x86_64 0.1.0 13.00 49.00 62.00 NOTE
r-patched-linux-x86_64 0.1.0 1.77 20.61 22.38 NOTE
r-release-linux-x86_64 0.1.0 1.84 20.92 22.76 NOTE
r-release-macos-arm64 0.1.0 16.00 NOTE
r-release-macos-x86_64 0.1.0 25.00 NOTE
r-release-windows-x86_64 0.1.0 7.00 47.00 54.00 NOTE
r-oldrel-macos-arm64 0.1.0 17.00 NOTE
r-oldrel-macos-x86_64 0.1.0 20.00 NOTE
r-oldrel-windows-ix86+x86_64 0.1.0 6.00 47.00 53.00 NOTE

Check Details

Version: 0.1.0
Check: LazyData
Result: NOTE
     'LazyData' is specified without a 'data' directory
Flavors: r-devel-linux-x86_64-debian-clang, r-devel-linux-x86_64-debian-gcc, r-devel-linux-x86_64-fedora-clang, r-devel-linux-x86_64-fedora-gcc, r-devel-windows-x86_64, r-patched-linux-x86_64, r-release-linux-x86_64, r-release-macos-arm64, r-release-macos-x86_64, r-release-windows-x86_64, r-oldrel-macos-arm64, r-oldrel-macos-x86_64, r-oldrel-windows-ix86+x86_64

Version: 0.1.0
Check: dependencies in R code
Result: NOTE
    Namespaces in Imports field not imported from:
     ‘MASS’ ‘datasets’ ‘dplyr’ ‘psych’ ‘shiny’
     All declared Imports should be used.
Flavors: r-devel-linux-x86_64-fedora-clang, r-devel-linux-x86_64-fedora-gcc, r-release-macos-arm64, r-release-macos-x86_64, r-oldrel-macos-arm64, r-oldrel-macos-x86_64