Last updated on 2023-01-27 10:50:20 CET.
Flavor | Version | Tinstall | Tcheck | Ttotal | Status | Flags |
---|---|---|---|---|---|---|
r-devel-linux-x86_64-debian-clang | 2.6.2 | 238.44 | 181.31 | 419.75 | OK | |
r-devel-linux-x86_64-debian-gcc | 2.6.2 | 191.68 | 130.54 | 322.22 | OK | |
r-devel-linux-x86_64-fedora-clang | 2.6.2 | 593.59 | OK | |||
r-devel-linux-x86_64-fedora-gcc | 2.6.2 | 596.79 | OK | |||
r-devel-windows-x86_64 | 2.6.2 | 302.00 | 223.00 | 525.00 | NOTE | |
r-patched-linux-x86_64 | 2.6.2 | 199.85 | 166.09 | 365.94 | OK | |
r-release-linux-x86_64 | 2.6.2 | 191.61 | 168.36 | 359.97 | OK | |
r-release-macos-arm64 | 2.6.2 | 122.00 | NOTE | |||
r-release-macos-x86_64 | 2.6.2 | 204.00 | NOTE | |||
r-release-windows-x86_64 | 2.6.2 | 317.00 | 227.00 | 544.00 | NOTE | |
r-oldrel-macos-arm64 | 2.6.2 | 125.00 | NOTE | |||
r-oldrel-macos-x86_64 | 2.6.2 | 152.00 | NOTE | |||
r-oldrel-windows-ix86+x86_64 | 2.6.2 | 564.00 | 269.00 | 833.00 | NOTE |
Version: 2.6.2
Check: installed package size
Result: NOTE
installed size is 5.5Mb
sub-directories of 1Mb or more:
R 1.5Mb
data 2.3Mb
libs 1.3Mb
Flavors: r-devel-windows-x86_64, r-release-macos-arm64, r-release-macos-x86_64, r-release-windows-x86_64, r-oldrel-macos-arm64, r-oldrel-macos-x86_64, r-oldrel-windows-ix86+x86_64