Last updated on 2024-05-06 09:49:29 CEST.
Flavor | Version | Tinstall | Tcheck | Ttotal | Status | Flags |
---|---|---|---|---|---|---|
r-devel-linux-x86_64-debian-clang | 1.1.7 | 156.90 | 221.46 | 378.36 | NOTE | |
r-devel-linux-x86_64-debian-gcc | 1.1.7 | 144.07 | 188.45 | 332.52 | NOTE | |
r-devel-linux-x86_64-fedora-clang | 1.1.7 | 481.65 | NOTE | |||
r-devel-linux-x86_64-fedora-gcc | 1.1.7 | 570.69 | NOTE | |||
r-devel-windows-x86_64 | 1.1.7 | 122.00 | 231.00 | 353.00 | NOTE | |
r-patched-linux-x86_64 | 1.1.7 | 123.34 | 256.97 | 380.31 | NOTE | |
r-release-linux-x86_64 | 1.1.7 | 136.70 | 253.06 | 389.76 | NOTE | |
r-release-macos-arm64 | 1.1.7 | 126.00 | NOTE | |||
r-release-macos-x86_64 | 1.1.7 | 289.00 | NOTE | |||
r-release-windows-x86_64 | 1.1.7 | 129.00 | 224.00 | 353.00 | NOTE | |
r-oldrel-macos-arm64 | 1.1.7 | 131.00 | NOTE | |||
r-oldrel-macos-x86_64 | 1.1.7 | 275.00 | NOTE | |||
r-oldrel-windows-x86_64 | 1.1.7 | 164.00 | 262.00 | 426.00 | NOTE |
Version: 1.1.7
Check: for GNU extensions in Makefiles
Result: NOTE
GNU make is a SystemRequirements.
Flavors: r-devel-linux-x86_64-debian-clang, r-devel-linux-x86_64-debian-gcc, r-devel-linux-x86_64-fedora-clang, r-devel-linux-x86_64-fedora-gcc, r-devel-windows-x86_64, r-patched-linux-x86_64, r-release-linux-x86_64, r-release-macos-arm64, r-release-macos-x86_64, r-release-windows-x86_64, r-oldrel-macos-arm64, r-oldrel-macos-x86_64, r-oldrel-windows-x86_64
Version: 1.1.7
Check: installed package size
Result: NOTE
installed size is 38.4Mb
sub-directories of 1Mb or more:
libs 38.0Mb
Flavors: r-release-macos-arm64, r-release-macos-x86_64, r-oldrel-macos-arm64, r-oldrel-macos-x86_64