Last updated on 2023-02-03 09:55:37 CET.
Flavor | Version | Tinstall | Tcheck | Ttotal | Status | Flags |
---|---|---|---|---|---|---|
r-devel-linux-x86_64-debian-clang | 1.0 | 5.34 | 49.32 | 54.66 | NOTE | |
r-devel-linux-x86_64-debian-gcc | 1.0 | 4.53 | 36.02 | 40.55 | NOTE | |
r-devel-linux-x86_64-fedora-clang | 1.0 | 74.49 | NOTE | |||
r-devel-linux-x86_64-fedora-gcc | 1.0 | 96.11 | NOTE | |||
r-devel-windows-x86_64 | 1.0 | 16.00 | 79.00 | 95.00 | NOTE | |
r-patched-linux-x86_64 | 1.0 | 6.03 | 45.69 | 51.72 | NOTE | |
r-release-linux-x86_64 | 1.0 | 5.61 | 46.29 | 51.90 | NOTE | |
r-release-macos-arm64 | 1.0 | 25.00 | NOTE | |||
r-release-macos-x86_64 | 1.0 | 45.00 | NOTE | |||
r-release-windows-x86_64 | 1.0 | 15.00 | 90.00 | 105.00 | NOTE | |
r-oldrel-macos-arm64 | 1.0 | 32.00 | NOTE | |||
r-oldrel-macos-x86_64 | 1.0 | 38.00 | NOTE | |||
r-oldrel-windows-ix86+x86_64 | 1.0 | 12.00 | 71.00 | 83.00 | NOTE |
Version: 1.0
Check: LazyData
Result: NOTE
'LazyData' is specified without a 'data' directory
Flavors: r-devel-linux-x86_64-debian-clang, r-devel-linux-x86_64-debian-gcc, r-devel-linux-x86_64-fedora-clang, r-devel-linux-x86_64-fedora-gcc, r-devel-windows-x86_64, r-patched-linux-x86_64, r-release-linux-x86_64, r-release-macos-arm64, r-release-macos-x86_64, r-release-windows-x86_64, r-oldrel-macos-arm64, r-oldrel-macos-x86_64, r-oldrel-windows-ix86+x86_64