Last updated on 2023-03-25 09:51:30 CET.
Flavor | Version | Tinstall | Tcheck | Ttotal | Status | Flags |
---|---|---|---|---|---|---|
r-devel-linux-x86_64-debian-clang | 1.3-1 | 33.71 | 30.04 | 63.75 | NOTE | |
r-devel-linux-x86_64-debian-gcc | 1.3-1 | 28.63 | 23.68 | 52.31 | NOTE | |
r-devel-linux-x86_64-fedora-gcc | 1.3-1 | 92.49 | NOTE | |||
r-devel-windows-x86_64 | 1.3-1 | 46.00 | 80.00 | 126.00 | NOTE | |
r-patched-linux-x86_64 | 1.3-1 | 33.96 | 31.55 | 65.51 | OK | |
r-release-linux-x86_64 | 1.3-1 | 33.54 | 30.69 | 64.23 | OK | |
r-release-macos-arm64 | 1.3-1 | 28.00 | OK | |||
r-release-macos-x86_64 | 1.3-1 | 38.00 | OK | |||
r-release-windows-x86_64 | 1.3-1 | 51.00 | 82.00 | 133.00 | OK | |
r-oldrel-macos-arm64 | 1.3-1 | 33.00 | OK | |||
r-oldrel-macos-x86_64 | 1.3-1 | 51.00 | OK | |||
r-oldrel-windows-ix86+x86_64 | 1.3-1 | 89.00 | 90.00 | 179.00 | OK |
Version: 1.3-1
Check: C++ specification
Result: NOTE
Specified C++11: please drop specification unless essential
Flavors: r-devel-linux-x86_64-debian-clang, r-devel-linux-x86_64-debian-gcc, r-devel-linux-x86_64-fedora-gcc, r-devel-windows-x86_64
Version: 1.3-1
Check: Rd files
Result: NOTE
checkRd: (-1) cauchypoly.Rd:39: Escaped LaTeX specials: \_ \_ \_
checkRd: (-1) cauchypoly.Rd:40: Escaped LaTeX specials: \_
checkRd: (-1) normpoly.Rd:38: Escaped LaTeX specials: \_ \_ \_
checkRd: (-1) normpoly.Rd:39: Escaped LaTeX specials: \_
Flavors: r-devel-linux-x86_64-debian-clang, r-devel-linux-x86_64-debian-gcc, r-devel-linux-x86_64-fedora-gcc, r-devel-windows-x86_64