Last updated on 2024-04-23 10:54:07 CEST.
Flavor | Version | Tinstall | Tcheck | Ttotal | Status | Flags |
---|---|---|---|---|---|---|
r-devel-linux-x86_64-debian-clang | 1.0.7 | 54.30 | 81.07 | 135.37 | OK | |
r-devel-linux-x86_64-debian-gcc | 1.0.7 | 41.85 | 60.91 | 102.76 | OK | |
r-devel-linux-x86_64-fedora-clang | 1.0.7 | 194.29 | NOTE | |||
r-devel-linux-x86_64-fedora-gcc | 1.0.7 | 201.99 | NOTE | |||
r-prerel-macos-arm64 | 1.0.7 | 54.00 | OK | |||
r-prerel-macos-x86_64 | 1.0.7 | 131.00 | OK | |||
r-prerel-windows-x86_64 | 1.0.7 | 45.00 | 119.00 | 164.00 | OK | |
r-patched-linux-x86_64 | 1.0.7 | 57.86 | 79.07 | 136.93 | OK | |
r-release-linux-x86_64 | 1.0.7 | 48.99 | 77.73 | 126.72 | OK | |
r-release-macos-arm64 | 1.0.7 | 56.00 | OK | |||
r-release-macos-x86_64 | 1.0.7 | 97.00 | OK | |||
r-release-windows-x86_64 | 1.0.7 | 52.00 | 117.00 | 169.00 | OK | |
r-oldrel-macos-arm64 | 1.0.7 | 53.00 | ERROR | |||
r-oldrel-windows-x86_64 | 1.0.7 | 52.00 | 115.00 | 167.00 | ERROR |
Version: 1.0.7
Check: dependencies in R code
Result: NOTE
Namespaces in Imports field not imported from:
‘agridat’ ‘ggplot2’ ‘maps’ ‘sf’
All declared Imports should be used.
Flavors: r-devel-linux-x86_64-fedora-clang, r-devel-linux-x86_64-fedora-gcc
Version: 1.0.7
Check: tests
Result: ERROR
Running ‘tinytest.R’ [2s/3s]
Running the tests in ‘tests/tinytest.R’ failed.
Last 13 lines of output:
test_spl3D.R.................. 11 tests <1b>[0;32mOK<1b>[0m
test_spl3D.R.................. 12 tests <1b>[0;32mOK<1b>[0m
test_spl3D.R.................. 13 tests <1b>[0;32mOK<1b>[0m
test_spl3D.R.................. 14 tests <1b>[0;32mOK<1b>[0m
test_spl3D.R.................. 15 tests <1b>[0;32mOK<1b>[0m
test_spl3D.R.................. 16 tests <1b>[0;32mOK<1b>[0m
test_spl3D.R.................. 16 tests <1b>[0;32mOK<1b>[0m
test_spl3D.R.................. 16 tests <1b>[0;32mOK<1b>[0m
test_spl3D.R.................. 17 tests <1b>[0;32mOK<1b>[0m <1b>[0;34m0.3s<1b>[0m
----- FAILED[data]: test_GLMM.R<19--19>
call| expect_equal_to_reference(obj1, "GLMMFull", check.attributes = FALSE)
diff| current does not match target read from GLMMFull
diff| Component "family": Length mismatch: comparison on first 12 components
Error: 1 out of 145 tests failed
Execution halted
Flavor: r-oldrel-macos-arm64
Version: 1.0.7
Check: tests
Result: ERROR
Running 'tinytest.R' [7s]
Running the tests in 'tests/tinytest.R' failed.
Complete output:
>
> if ( requireNamespace("tinytest", quietly=TRUE) ){
+ tinytest::test_package("LMMsolver")
+ }
test_GLMM.R................... 0 tests
test_GLMM.R................... 0 tests
test_GLMM.R................... 0 tests
test_GLMM.R................... 0 tests
test_GLMM.R................... 0 tests
test_GLMM.R................... 0 tests
test_GLMM.R................... 0 tests
test_GLMM.R................... 0 tests
test_GLMM.R................... 0 tests
test_GLMM.R................... 1 tests <1b>[0;31m1 fails<1b>[0m
test_GLMM.R................... 1 tests <1b>[0;31m1 fails<1b>[0m
test_GLMM.R................... 2 tests <1b>[0;31m1 fails<1b>[0m <1b>[0;34m2.8s<1b>[0m
test_LMMsolve-class.R......... 0 tests
test_LMMsolve-class.R......... 0 tests
test_LMMsolve-class.R......... 0 tests
test_LMMsolve-class.R......... 1 tests <1b>[0;32mOK<1b>[0m
test_LMMsolve-class.R......... 2 tests <1b>[0;32mOK<1b>[0m
test_LMMsolve-class.R......... 2 tests <1b>[0;32mOK<1b>[0m
test_LMMsolve-class.R......... 3 tests <1b>[0;32mOK<1b>[0m
test_LMMsolve-class.R......... 4 tests <1b>[0;32mOK<1b>[0m
test_LMMsolve-class.R......... 5 tests <1b>[0;32mOK<1b>[0m
test_LMMsolve-class.R......... 6 tests <1b>[0;32mOK<1b>[0m
test_LMMsolve-class.R......... 7 tests <1b>[0;32mOK<1b>[0m
test_LMMsolve-class.R......... 8 tests <1b>[0;32mOK<1b>[0m
test_LMMsolve-class.R......... 9 tests <1b>[0;32mOK<1b>[0m
test_LMMsolve-class.R......... 10 tests <1b>[0;32mOK<1b>[0m
test_LMMsolve-class.R......... 11 tests <1b>[0;32mOK<1b>[0m
test_LMMsolve-class.R......... 11 tests <1b>[0;32mOK<1b>[0m
test_LMMsolve-class.R......... 12 tests <1b>[0;32mOK<1b>[0m
test_LMMsolve-class.R......... 13 tests <1b>[0;32mOK<1b>[0m
test_LMMsolve-class.R......... 14 tests <1b>[0;32mOK<1b>[0m
test_LMMsolve-class.R......... 14 tests <1b>[0;32mOK<1b>[0m
test_LMMsolve-class.R......... 15 tests <1b>[0;32mOK<1b>[0m
test_LMMsolve-class.R......... 16 tests <1b>[0;32mOK<1b>[0m
test_LMMsolve-class.R......... 17 tests <1b>[0;32mOK<1b>[0m
test_LMMsolve-class.R......... 18 tests <1b>[0;32mOK<1b>[0m
test_LMMsolve-class.R......... 18 tests <1b>[0;32mOK<1b>[0m
test_LMMsolve-class.R......... 19 tests <1b>[0;32mOK<1b>[0m
test_LMMsolve-class.R......... 19 tests <1b>[0;32mOK<1b>[0m
test_LMMsolve-class.R......... 20 tests <1b>[0;32mOK<1b>[0m <1b>[0;34m0.4s<1b>[0m
test_LMMsolve.R............... 0 tests
test_LMMsolve.R............... 1 tests <1b>[0;32mOK<1b>[0m
test_LMMsolve.R............... 2 tests <1b>[0;32mOK<1b>[0m
test_LMMsolve.R............... 3 tests <1b>[0;32mOK<1b>[0m
test_LMMsolve.R............... 4 tests <1b>[0;32mOK<1b>[0m
test_LMMsolve.R............... 5 tests <1b>[0;32mOK<1b>[0m
test_LMMsolve.R............... 6 tests <1b>[0;32mOK<1b>[0m
test_LMMsolve.R............... 7 tests <1b>[0;32mOK<1b>[0m
test_LMMsolve.R............... 7 tests <1b>[0;32mOK<1b>[0m
test_LMMsolve.R............... 7 tests <1b>[0;32mOK<1b>[0m
test_LMMsolve.R............... 7 tests <1b>[0;32mOK<1b>[0m
test_LMMsolve.R............... 7 tests <1b>[0;32mOK<1b>[0m
test_LMMsolve.R............... 7 tests <1b>[0;32mOK<1b>[0m
test_LMMsolve.R............... 7 tests <1b>[0;32mOK<1b>[0m
test_LMMsolve.R............... 7 tests <1b>[0;32mOK<1b>[0m
test_LMMsolve.R............... 8 tests <1b>[0;32mOK<1b>[0m
test_LMMsolve.R............... 9 tests <1b>[0;32mOK<1b>[0m
test_LMMsolve.R............... 10 tests <1b>[0;32mOK<1b>[0m
test_LMMsolve.R............... 11 tests <1b>[0;32mOK<1b>[0m
test_LMMsolve.R............... 12 tests <1b>[0;32mOK<1b>[0m
test_LMMsolve.R............... 13 tests <1b>[0;32mOK<1b>[0m
test_LMMsolve.R............... 14 tests <1b>[0;32mOK<1b>[0m
test_LMMsolve.R............... 14 tests <1b>[0;32mOK<1b>[0m
test_LMMsolve.R............... 15 tests <1b>[0;32mOK<1b>[0m
test_LMMsolve.R............... 16 tests <1b>[0;32mOK<1b>[0m
test_LMMsolve.R............... 17 tests <1b>[0;32mOK<1b>[0m
test_LMMsolve.R............... 17 tests <1b>[0;32mOK<1b>[0m
test_LMMsolve.R............... 17 tests <1b>[0;32mOK<1b>[0m
test_LMMsolve.R............... 17 tests <1b>[0;32mOK<1b>[0m
test_LMMsolve.R............... 17 tests <1b>[0;32mOK<1b>[0m
test_LMMsolve.R............... 17 tests <1b>[0;32mOK<1b>[0m
test_LMMsolve.R............... 17 tests <1b>[0;32mOK<1b>[0m
test_LMMsolve.R............... 17 tests <1b>[0;32mOK<1b>[0m
test_LMMsolve.R............... 17 tests <1b>[0;32mOK<1b>[0m
test_LMMsolve.R............... 17 tests <1b>[0;32mOK<1b>[0m
test_LMMsolve.R............... 17 tests <1b>[0;32mOK<1b>[0m
test_LMMsolve.R............... 17 tests <1b>[0;32mOK<1b>[0m
test_LMMsolve.R............... 17 tests <1b>[0;32mOK<1b>[0m
test_LMMsolve.R............... 18 tests <1b>[0;32mOK<1b>[0m
test_LMMsolve.R............... 19 tests <1b>[0;32mOK<1b>[0m
test_LMMsolve.R............... 20 tests <1b>[0;32mOK<1b>[0m
test_LMMsolve.R............... 21 tests <1b>[0;32mOK<1b>[0m
test_LMMsolve.R............... 22 tests <1b>[0;32mOK<1b>[0m
test_LMMsolve.R............... 23 tests <1b>[0;32mOK<1b>[0m
test_LMMsolve.R............... 23 tests <1b>[0;32mOK<1b>[0m
test_LMMsolve.R............... 23 tests <1b>[0;32mOK<1b>[0m
test_LMMsolve.R............... 24 tests <1b>[0;32mOK<1b>[0m
test_LMMsolve.R............... 25 tests <1b>[0;32mOK<1b>[0m
test_LMMsolve.R............... 26 tests <1b>[0;32mOK<1b>[0m
test_LMMsolve.R............... 26 tests <1b>[0;32mOK<1b>[0m
test_LMMsolve.R............... 26 tests <1b>[0;32mOK<1b>[0m
test_LMMsolve.R............... 26 tests <1b>[0;32mOK<1b>[0m
test_LMMsolve.R............... 27 tests <1b>[0;32mOK<1b>[0m
test_LMMsolve.R............... 28 tests <1b>[0;32mOK<1b>[0m
test_LMMsolve.R............... 28 tests <1b>[0;32mOK<1b>[0m
test_LMMsolve.R............... 28 tests <1b>[0;32mOK<1b>[0m
test_LMMsolve.R............... 29 tests <1b>[0;32mOK<1b>[0m
test_LMMsolve.R............... 29 tests <1b>[0;32mOK<1b>[0m
test_LMMsolve.R............... 29 tests <1b>[0;32mOK<1b>[0m
test_LMMsolve.R............... 30 tests <1b>[0;32mOK<1b>[0m
test_LMMsolve.R............... 30 tests <1b>[0;32mOK<1b>[0m
test_LMMsolve.R............... 30 tests <1b>[0;32mOK<1b>[0m
test_LMMsolve.R............... 31 tests <1b>[0;32mOK<1b>[0m
test_LMMsolve.R............... 31 tests <1b>[0;32mOK<1b>[0m
test_LMMsolve.R............... 31 tests <1b>[0;32mOK<1b>[0m
test_LMMsolve.R............... 31 tests <1b>[0;32mOK<1b>[0m
test_LMMsolve.R............... 31 tests <1b>[0;32mOK<1b>[0m
test_LMMsolve.R............... 32 tests <1b>[0;32mOK<1b>[0m
test_LMMsolve.R............... 32 tests <1b>[0;32mOK<1b>[0m
test_LMMsolve.R............... 32 tests <1b>[0;32mOK<1b>[0m
test_LMMsolve.R............... 32 tests <1b>[0;32mOK<1b>[0m
test_LMMsolve.R............... 32 tests <1b>[0;32mOK<1b>[0m
test_LMMsolve.R............... 33 tests <1b>[0;32mOK<1b>[0m
test_LMMsolve.R............... 34 tests <1b>[0;32mOK<1b>[0m
test_LMMsolve.R............... 35 tests <1b>[0;32mOK<1b>[0m
test_LMMsolve.R............... 36 tests <1b>[0;32mOK<1b>[0m
test_LMMsolve.R............... 36 tests <1b>[0;32mOK<1b>[0m
test_LMMsolve.R............... 36 tests <1b>[0;32mOK<1b>[0m
test_LMMsolve.R............... 36 tests <1b>[0;32mOK<1b>[0m
test_LMMsolve.R............... 36 tests <1b>[0;32mOK<1b>[0m
test_LMMsolve.R............... 37 tests <1b>[0;32mOK<1b>[0m
test_LMMsolve.R............... 38 tests <1b>[0;32mOK<1b>[0m
test_LMMsolve.R............... 38 tests <1b>[0;32mOK<1b>[0m
test_LMMsolve.R............... 38 tests <1b>[0;32mOK<1b>[0m
test_LMMsolve.R............... 39 tests <1b>[0;32mOK<1b>[0m
test_LMMsolve.R............... 40 tests <1b>[0;32mOK<1b>[0m <1b>[0;34m0.7s<1b>[0m
test_conditionalFactor.R...... 0 tests
test_conditionalFactor.R...... 1 tests <1b>[0;32mOK<1b>[0m
test_conditionalFactor.R...... 2 tests <1b>[0;32mOK<1b>[0m
test_conditionalFactor.R...... 3 tests <1b>[0;32mOK<1b>[0m
test_conditionalFactor.R...... 4 tests <1b>[0;32mOK<1b>[0m
test_conditionalFactor.R...... 5 tests <1b>[0;32mOK<1b>[0m
test_conditionalFactor.R...... 5 tests <1b>[0;32mOK<1b>[0m
test_conditionalFactor.R...... 5 tests <1b>[0;32mOK<1b>[0m
test_conditionalFactor.R...... 6 tests <1b>[0;32mOK<1b>[0m
test_conditionalFactor.R...... 6 tests <1b>[0;32mOK<1b>[0m
test_conditionalFactor.R...... 6 tests <1b>[0;32mOK<1b>[0m
test_conditionalFactor.R...... 7 tests <1b>[0;32mOK<1b>[0m <1b>[0;34m0.2s<1b>[0m
test_gam.R.................... 0 tests
test_gam.R.................... 0 tests
test_gam.R.................... 1 tests <1b>[0;32mOK<1b>[0m
test_gam.R.................... 2 tests <1b>[0;32mOK<1b>[0m
test_gam.R.................... 3 tests <1b>[0;32mOK<1b>[0m
test_gam.R.................... 4 tests <1b>[0;32mOK<1b>[0m
test_gam.R.................... 5 tests <1b>[0;32mOK<1b>[0m
test_gam.R.................... 5 tests <1b>[0;32mOK<1b>[0m
test_gam.R.................... 5 tests <1b>[0;32mOK<1b>[0m
test_gam.R.................... 6 tests <1b>[0;32mOK<1b>[0m <1b>[0;34m0.1s<1b>[0m
test_obtainSmoothTrend.R...... 0 tests
test_obtainSmoothTrend.R...... 0 tests
test_obtainSmoothTrend.R...... 0 tests
test_obtainSmoothTrend.R...... 0 tests
test_obtainSmoothTrend.R...... 1 tests <1b>[0;32mOK<1b>[0m
test_obtainSmoothTrend.R...... 2 tests <1b>[0;32mOK<1b>[0m
test_obtainSmoothTrend.R...... 3 tests <1b>[0;32mOK<1b>[0m
test_obtainSmoothTrend.R...... 4 tests <1b>[0;32mOK<1b>[0m
test_obtainSmoothTrend.R...... 5 tests <1b>[0;32mOK<1b>[0m
test_obtainSmoothTrend.R...... 6 tests <1b>[0;32mOK<1b>[0m
test_obtainSmoothTrend.R...... 6 tests <1b>[0;32mOK<1b>[0m
test_obtainSmoothTrend.R...... 7 tests <1b>[0;32mOK<1b>[0m
test_obtainSmoothTrend.R...... 8 tests <1b>[0;32mOK<1b>[0m
test_obtainSmoothTrend.R...... 8 tests <1b>[0;32mOK<1b>[0m
test_obtainSmoothTrend.R...... 9 tests <1b>[0;32mOK<1b>[0m
test_obtainSmoothTrend.R...... 9 tests <1b>[0;32mOK<1b>[0m
test_obtainSmoothTrend.R...... 10 tests <1b>[0;32mOK<1b>[0m
test_obtainSmoothTrend.R...... 10 tests <1b>[0;32mOK<1b>[0m
test_obtainSmoothTrend.R...... 10 tests <1b>[0;32mOK<1b>[0m
test_obtainSmoothTrend.R...... 10 tests <1b>[0;32mOK<1b>[0m
test_obtainSmoothTrend.R...... 11 tests <1b>[0;32mOK<1b>[0m
test_obtainSmoothTrend.R...... 12 tests <1b>[0;32mOK<1b>[0m
test_obtainSmoothTrend.R...... 12 tests <1b>[0;32mOK<1b>[0m
test_obtainSmoothTrend.R...... 12 tests <1b>[0;32mOK<1b>[0m
test_obtainSmoothTrend.R...... 12 tests <1b>[0;32mOK<1b>[0m
test_obtainSmoothTrend.R...... 13 tests <1b>[0;32mOK<1b>[0m
test_obtainSmoothTrend.R...... 13 tests <1b>[0;32mOK<1b>[0m
test_obtainSmoothTrend.R...... 13 tests <1b>[0;32mOK<1b>[0m
test_obtainSmoothTrend.R...... 14 tests <1b>[0;32mOK<1b>[0m
test_obtainSmoothTrend.R...... 15 tests <1b>[0;32mOK<1b>[0m
test_obtainSmoothTrend.R...... 15 tests <1b>[0;32mOK<1b>[0m
test_obtainSmoothTrend.R...... 16 tests <1b>[0;32mOK<1b>[0m
test_obtainSmoothTrend.R...... 16 tests <1b>[0;32mOK<1b>[0m
test_obtainSmoothTrend.R...... 17 tests <1b>[0;32mOK<1b>[0m <1b>[0;34m0.8s<1b>[0m
test_spl1D.R.................. 0 tests
test_spl1D.R.................. 1 tests <1b>[0;32mOK<1b>[0m
test_spl1D.R.................. 2 tests <1b>[0;32mOK<1b>[0m
test_spl1D.R.................. 3 tests <1b>[0;32mOK<1b>[0m
test_spl1D.R.................. 4 tests <1b>[0;32mOK<1b>[0m
test_spl1D.R.................. 5 tests <1b>[0;32mOK<1b>[0m
test_spl1D.R.................. 6 tests <1b>[0;32mOK<1b>[0m
test_spl1D.R.................. 7 tests <1b>[0;32mOK<1b>[0m
test_spl1D.R.................. 8 tests <1b>[0;32mOK<1b>[0m
test_spl1D.R.................. 9 tests <1b>[0;32mOK<1b>[0m
test_spl1D.R.................. 10 tests <1b>[0;32mOK<1b>[0m
test_spl1D.R.................. 11 tests <1b>[0;32mOK<1b>[0m
test_spl1D.R.................. 11 tests <1b>[0;32mOK<1b>[0m
test_spl1D.R.................. 11 tests <1b>[0;32mOK<1b>[0m
test_spl1D.R.................. 12 tests <1b>[0;32mOK<1b>[0m
test_spl1D.R.................. 12 tests <1b>[0;32mOK<1b>[0m
test_spl1D.R.................. 12 tests <1b>[0;32mOK<1b>[0m
test_spl1D.R.................. 12 tests <1b>[0;32mOK<1b>[0m
test_spl1D.R.................. 13 tests <1b>[0;32mOK<1b>[0m
test_spl1D.R.................. 13 tests <1b>[0;32mOK<1b>[0m
test_spl1D.R.................. 14 tests <1b>[0;32mOK<1b>[0m
test_spl1D.R.................. 15 tests <1b>[0;32mOK<1b>[0m
test_spl1D.R.................. 15 tests <1b>[0;32mOK<1b>[0m
test_spl1D.R.................. 15 tests <1b>[0;32mOK<1b>[0m
test_spl1D.R.................. 16 tests <1b>[0;32mOK<1b>[0m
test_spl1D.R.................. 17 tests <1b>[0;32mOK<1b>[0m
test_spl1D.R.................. 18 tests <1b>[0;32mOK<1b>[0m <1b>[0;34m0.5s<1b>[0m
test_spl2D.R.................. 0 tests
test_spl2D.R.................. 0 tests
test_spl2D.R.................. 1 tests <1b>[0;32mOK<1b>[0m
test_spl2D.R.................. 2 tests <1b>[0;32mOK<1b>[0m
test_spl2D.R.................. 3 tests <1b>[0;32mOK<1b>[0m
test_spl2D.R.................. 4 tests <1b>[0;32mOK<1b>[0m
test_spl2D.R.................. 5 tests <1b>[0;32mOK<1b>[0m
test_spl2D.R.................. 6 tests <1b>[0;32mOK<1b>[0m
test_spl2D.R.................. 7 tests <1b>[0;32mOK<1b>[0m
test_spl2D.R.................. 8 tests <1b>[0;32mOK<1b>[0m
test_spl2D.R.................. 9 tests <1b>[0;32mOK<1b>[0m
test_spl2D.R.................. 10 tests <1b>[0;32mOK<1b>[0m
test_spl2D.R.................. 11 tests <1b>[0;32mOK<1b>[0m
test_spl2D.R.................. 12 tests <1b>[0;32mOK<1b>[0m
test_spl2D.R.................. 13 tests <1b>[0;32mOK<1b>[0m
test_spl2D.R.................. 14 tests <1b>[0;32mOK<1b>[0m
test_spl2D.R.................. 14 tests <1b>[0;32mOK<1b>[0m
test_spl2D.R.................. 14 tests <1b>[0;32mOK<1b>[0m
test_spl2D.R.................. 15 tests <1b>[0;32mOK<1b>[0m
test_spl2D.R.................. 15 tests <1b>[0;32mOK<1b>[0m
test_spl2D.R.................. 15 tests <1b>[0;32mOK<1b>[0m
test_spl2D.R.................. 16 tests <1b>[0;32mOK<1b>[0m
test_spl2D.R.................. 17 tests <1b>[0;32mOK<1b>[0m
test_spl2D.R.................. 18 tests <1b>[0;32mOK<1b>[0m <1b>[0;34m0.5s<1b>[0m
test_spl3D.R.................. 0 tests
test_spl3D.R.................. 1 tests <1b>[0;32mOK<1b>[0m
test_spl3D.R.................. 2 tests <1b>[0;32mOK<1b>[0m
test_spl3D.R.................. 3 tests <1b>[0;32mOK<1b>[0m
test_spl3D.R.................. 4 tests <1b>[0;32mOK<1b>[0m
test_spl3D.R.................. 5 tests <1b>[0;32mOK<1b>[0m
test_spl3D.R.................. 6 tests <1b>[0;32mOK<1b>[0m
test_spl3D.R.................. 7 tests <1b>[0;32mOK<1b>[0m
test_spl3D.R.................. 8 tests <1b>[0;32mOK<1b>[0m
test_spl3D.R.................. 9 tests <1b>[0;32mOK<1b>[0m
test_spl3D.R.................. 10 tests <1b>[0;32mOK<1b>[0m
test_spl3D.R.................. 11 tests <1b>[0;32mOK<1b>[0m
test_spl3D.R.................. 12 tests <1b>[0;32mOK<1b>[0m
test_spl3D.R.................. 13 tests <1b>[0;32mOK<1b>[0m
test_spl3D.R.................. 14 tests <1b>[0;32mOK<1b>[0m
test_spl3D.R.................. 15 tests <1b>[0;32mOK<1b>[0m
test_spl3D.R.................. 16 tests <1b>[0;32mOK<1b>[0m
test_spl3D.R.................. 16 tests <1b>[0;32mOK<1b>[0m
test_spl3D.R.................. 16 tests <1b>[0;32mOK<1b>[0m
test_spl3D.R.................. 17 tests <1b>[0;32mOK<1b>[0m <1b>[0;34m0.5s<1b>[0m
----- FAILED[data]: test_GLMM.R<19--19>
call| expect_equal_to_reference(obj1, "GLMMFull", check.attributes = FALSE)
diff| current does not match target read from GLMMFull
diff| Component "family": Length mismatch: comparison on first 12 components
Error: 1 out of 145 tests failed
Execution halted
Flavor: r-oldrel-windows-x86_64