CRAN Package Check Results for Package L0Learn

Last updated on 2020-08-06 09:49:03 CEST.

Flavor Version Tinstall Tcheck Ttotal Status Flags
r-devel-linux-x86_64-debian-clang 1.2.0 300.06 115.07 415.13 OK
r-devel-linux-x86_64-debian-gcc 1.2.0 225.06 126.35 351.41 OK
r-devel-linux-x86_64-fedora-clang 1.2.0 585.59 NOTE
r-devel-linux-x86_64-fedora-gcc 1.2.0 535.83 OK
r-devel-windows-ix86+x86_64 1.2.0 746.00 230.00 976.00 NOTE
r-patched-linux-x86_64 1.2.0 246.29 179.43 425.72 OK
r-patched-solaris-x86 1.2.0 493.40 OK
r-release-linux-x86_64 1.2.0 237.11 194.54 431.65 OK
r-release-macos-x86_64 1.2.0 NOTE
r-release-windows-ix86+x86_64 1.2.0 714.00 242.00 956.00 NOTE
r-oldrel-macos-x86_64 1.2.0 NOTE
r-oldrel-windows-ix86+x86_64 1.2.0 490.00 185.00 675.00 NOTE

Check Details

Version: 1.2.0
Check: installed package size
Result: NOTE
     installed size is 20.5Mb
     sub-directories of 1Mb or more:
     doc 2.4Mb
     libs 18.0Mb
Flavors: r-devel-linux-x86_64-fedora-clang, r-devel-windows-ix86+x86_64, r-release-macos-x86_64, r-release-windows-ix86+x86_64, r-oldrel-macos-x86_64, r-oldrel-windows-ix86+x86_64