CRAN Package Check Results for Package KnowBR

Last updated on 2020-08-10 10:03:06 CEST.

Flavor Version Tinstall Tcheck Ttotal Status Flags
r-devel-linux-x86_64-debian-clang 2.0 15.33 101.62 116.95 NOTE
r-devel-linux-x86_64-debian-gcc 2.0 13.12 76.59 89.71 NOTE
r-devel-linux-x86_64-fedora-clang 2.0 143.16 NOTE
r-devel-linux-x86_64-fedora-gcc 2.0 134.63 NOTE
r-devel-windows-ix86+x86_64 2.0 33.00 137.00 170.00 OK
r-patched-linux-x86_64 2.0 12.52 97.13 109.65 NOTE
r-patched-solaris-x86 2.0 189.10 NOTE
r-release-linux-x86_64 2.0 15.13 96.22 111.35 NOTE
r-release-macos-x86_64 2.0 NOTE
r-release-windows-ix86+x86_64 2.0 34.00 144.00 178.00 OK
r-oldrel-macos-x86_64 2.0 NOTE
r-oldrel-windows-ix86+x86_64 2.0 19.00 96.00 115.00 OK

Check Details

Version: 2.0
Check: for non-standard things in the check directory
Result: NOTE
    Found the following files/directories:
     'Completeness.RData' 'Estimators.RData' 'Inf.txt' 'List of
     species.RData' 'Observed richness.RData' 'Records.RData'
     'Slope.RData' 'Standard error of the estimators.RData'
Flavors: r-devel-linux-x86_64-debian-clang, r-devel-linux-x86_64-debian-gcc, r-devel-linux-x86_64-fedora-clang, r-devel-linux-x86_64-fedora-gcc, r-patched-linux-x86_64, r-patched-solaris-x86, r-release-linux-x86_64

Version: 2.0
Check: Rd cross-references
Result: NOTE
    Undeclared package ‘splancs’ in Rd xrefs
Flavor: r-devel-linux-x86_64-fedora-clang

Version: 2.0
Check: data for non-ASCII characters
Result: NOTE
     Note: found 9 marked Latin-1 strings
Flavors: r-devel-linux-x86_64-fedora-clang, r-devel-linux-x86_64-fedora-gcc, r-patched-solaris-x86, r-release-macos-x86_64, r-oldrel-macos-x86_64