CRAN Package Check Results for Package Kendall

Last updated on 2022-09-29 09:55:34 CEST.

Flavor Version Tinstall Tcheck Ttotal Status Flags
r-devel-linux-x86_64-debian-clang 2.2.1 2.48 28.48 30.96 OK
r-devel-linux-x86_64-debian-gcc 2.2.1 1.92 22.30 24.22 OK
r-devel-linux-x86_64-fedora-clang 2.2.1 50.78 NOTE
r-devel-linux-x86_64-fedora-gcc 2.2.1 50.41 NOTE
r-devel-windows-x86_64 2.2.1 11.00 58.00 69.00 OK
r-patched-linux-x86_64 2.2.1 2.27 26.96 29.23 OK
r-release-linux-x86_64 2.2.1 2.63 26.93 29.56 OK
r-release-macos-arm64 2.2.1 19.00 OK
r-release-macos-x86_64 2.2.1 23.00 OK
r-release-windows-x86_64 2.2.1 15.00 55.00 70.00 OK
r-oldrel-macos-arm64 2.2.1 18.00 OK
r-oldrel-macos-x86_64 2.2.1 40.00 OK
r-oldrel-windows-ix86+x86_64 2.2.1 8.00 59.00 67.00 OK

Check Details

Version: 2.2.1
Check: compiled code
Result: NOTE
    File ‘Kendall/libs/Kendall.so’:
     Found no calls to: ‘R_registerRoutines’, ‘R_useDynamicSymbols’
    
    It is good practice to register native routines and to disable symbol
    search.
    
    See ‘Writing portable packages’ in the ‘Writing R Extensions’ manual.
Flavors: r-devel-linux-x86_64-fedora-clang, r-devel-linux-x86_64-fedora-gcc