CRAN Package Check Results for Package KDViz

Last updated on 2020-09-26 09:48:57 CEST.

Flavor Version Tinstall Tcheck Ttotal Status Flags
r-devel-linux-x86_64-debian-clang 1.3.1 5.07 105.47 110.54 NOTE
r-devel-linux-x86_64-debian-gcc 1.3.1 4.59 76.60 81.19 NOTE
r-devel-linux-x86_64-fedora-clang 1.3.1 135.46 NOTE
r-devel-linux-x86_64-fedora-gcc 1.3.1 124.80 NOTE
r-devel-windows-ix86+x86_64 1.3.1 14.00 145.00 159.00 OK
r-patched-linux-x86_64 1.3.1 4.91 97.69 102.60 NOTE
r-patched-solaris-x86 1.3.1 234.10 NOTE
r-release-linux-x86_64 1.3.1 4.85 98.44 103.29 NOTE
r-release-macos-x86_64 1.3.1 NOTE
r-release-windows-ix86+x86_64 1.3.1 22.00 129.00 151.00 OK
r-oldrel-macos-x86_64 1.3.1 NOTE
r-oldrel-windows-ix86+x86_64 1.3.1 10.00 133.00 143.00 OK

Check Details

Version: 1.3.1
Check: for non-standard things in the check directory
Result: NOTE
    Found the following files/directories:
     'KDVizGroup1.html' 'KDVizGroup1_files'
Flavors: r-devel-linux-x86_64-debian-clang, r-devel-linux-x86_64-debian-gcc, r-devel-linux-x86_64-fedora-clang, r-devel-linux-x86_64-fedora-gcc, r-patched-linux-x86_64, r-patched-solaris-x86, r-release-linux-x86_64

Version: 1.3.1
Check: data for non-ASCII characters
Result: NOTE
     Note: found 11 marked UTF-8 strings
Flavors: r-devel-linux-x86_64-fedora-clang, r-devel-linux-x86_64-fedora-gcc, r-patched-solaris-x86, r-release-macos-x86_64, r-oldrel-macos-x86_64