CRAN Package Check Results for Package JointNets

Last updated on 2023-01-28 10:51:32 CET.

Flavor Version Tinstall Tcheck Ttotal Status Flags
r-devel-linux-x86_64-debian-clang 2.0.1 11.06 112.75 123.81 WARN
r-devel-linux-x86_64-debian-gcc 2.0.1 8.73 84.19 92.92 WARN
r-devel-linux-x86_64-fedora-clang 2.0.1 159.77 WARN
r-devel-linux-x86_64-fedora-gcc 2.0.1 170.85 WARN
r-devel-windows-x86_64 2.0.1 46.00 153.00 199.00 WARN
r-patched-linux-x86_64 2.0.1 21.33 118.96 140.29 WARN
r-release-linux-x86_64 2.0.1 13.37 119.87 133.24 WARN
r-release-macos-arm64 2.0.1 77.00 OK
r-release-macos-x86_64 2.0.1 153.00 OK
r-release-windows-x86_64 2.0.1 37.00 143.00 180.00 WARN
r-oldrel-macos-arm64 2.0.1 103.00 OK
r-oldrel-macos-x86_64 2.0.1 89.00 OK
r-oldrel-windows-ix86+x86_64 2.0.1 27.00 139.00 166.00 WARN

Check Details

Version: 2.0.1
Check: examples
Result: WARN
    Found the following significant warnings:
    
     Warning: 'rgl::rgl.texts' is deprecated.
     Warning: 'rgl::rgl.texts' is deprecated.
     Warning: 'rgl::rgl.texts' is deprecated.
     Warning: 'rgl::rgl.texts' is deprecated.
     Warning: 'rgl::rgl.texts' is deprecated.
     Warning: 'rgl::rgl.texts' is deprecated.
     Warning: 'rgl::rgl.texts' is deprecated.
     Warning: 'rgl::rgl.texts' is deprecated.
     Warning: 'rgl::rgl.texts' is deprecated.
     Warning: 'rgl::rgl.texts' is deprecated.
     Warning: 'rgl::rgl.texts' is deprecated.
     Warning: 'rgl::rgl.texts' is deprecated.
     Warning: 'rgl::rgl.texts' is deprecated.
     Warning: 'rgl::rgl.texts' is deprecated.
    Deprecated functions may be defunct as soon as of the next release of
    R.
    See ?Deprecated.
Flavors: r-devel-linux-x86_64-debian-clang, r-devel-linux-x86_64-debian-gcc, r-devel-linux-x86_64-fedora-clang, r-devel-linux-x86_64-fedora-gcc, r-devel-windows-x86_64, r-patched-linux-x86_64, r-release-linux-x86_64, r-release-windows-x86_64, r-oldrel-windows-ix86+x86_64