Last updated on 2023-04-02 09:56:43 CEST.
Flavor | Version | Tinstall | Tcheck | Ttotal | Status | Flags |
---|---|---|---|---|---|---|
r-devel-linux-x86_64-debian-clang | 2.3.1 | 3.48 | 43.87 | 47.35 | NOTE | |
r-devel-linux-x86_64-debian-gcc | 2.3.1 | 3.58 | 33.39 | 36.97 | NOTE | |
r-devel-linux-x86_64-fedora-clang | 2.3.1 | 61.07 | NOTE | |||
r-devel-linux-x86_64-fedora-gcc | 2.3.1 | 62.49 | NOTE | |||
r-devel-windows-x86_64 | 2.3.1 | 9.00 | 72.00 | 81.00 | NOTE | |
r-patched-linux-x86_64 | 2.3.1 | 4.70 | 43.34 | 48.04 | NOTE | |
r-release-linux-x86_64 | 2.3.1 | 4.19 | 44.11 | 48.30 | OK | |
r-release-macos-arm64 | 2.3.1 | 27.00 | OK | |||
r-release-macos-x86_64 | 2.3.1 | 28.00 | OK | |||
r-release-windows-x86_64 | 2.3.1 | 16.00 | 87.00 | 103.00 | OK | |
r-oldrel-macos-arm64 | 2.3.1 | 23.00 | OK | |||
r-oldrel-macos-x86_64 | 2.3.1 | 40.00 | OK | |||
r-oldrel-windows-ix86+x86_64 | 2.3.1 | 10.00 | 69.00 | 79.00 | OK |
Version: 2.3.1
Check: package subdirectories
Result: NOTE
Problems with news in ‘NEWS.md’:
No news entries found.
Flavors: r-devel-linux-x86_64-debian-clang, r-devel-linux-x86_64-debian-gcc, r-devel-linux-x86_64-fedora-clang, r-devel-linux-x86_64-fedora-gcc, r-devel-windows-x86_64, r-patched-linux-x86_64