CRAN Package Check Results for Package JFE

Last updated on 2020-08-13 09:49:00 CEST.

Flavor Version Tinstall Tcheck Ttotal Status Flags
r-devel-linux-x86_64-debian-clang 2.1.3 0.53 2.51 3.04 ERROR
r-devel-linux-x86_64-debian-gcc 2.1.3 14.86 101.42 116.28 OK
r-devel-linux-x86_64-fedora-clang 2.1.3 187.73 NOTE
r-devel-linux-x86_64-fedora-gcc 2.1.3 180.34 NOTE
r-devel-windows-ix86+x86_64 2.1.3 52.00 200.00 252.00 OK
r-patched-linux-x86_64 2.1.3 18.03 131.02 149.05 OK
r-patched-solaris-x86 2.1.3 265.70 NOTE
r-release-linux-x86_64 2.1.3 0.30 2.31 2.61 ERROR
r-release-macos-x86_64 2.1.3 NOTE
r-release-windows-ix86+x86_64 2.1.3 44.00 204.00 248.00 OK
r-oldrel-macos-x86_64 2.1.3 NOTE
r-oldrel-windows-ix86+x86_64 2.1.3 32.00 141.00 173.00 OK

Check Details

Version: 2.1.3
Check: package dependencies
Result: ERROR
    Package required but not available: 'iClick'
    
    See section 'The DESCRIPTION file' in the 'Writing R Extensions'
    manual.
Flavors: r-devel-linux-x86_64-debian-clang, r-release-linux-x86_64

Version: 2.1.3
Check: dependencies in R code
Result: NOTE
    Namespaces in Imports field not imported from:
     ‘BurStFin’ ‘MASS’ ‘fAssets’ ‘timeDate’
     All declared Imports should be used.
Flavors: r-devel-linux-x86_64-fedora-clang, r-devel-linux-x86_64-fedora-gcc, r-patched-solaris-x86, r-release-macos-x86_64, r-oldrel-macos-x86_64