CRAN Package Check Results for Package IsoriX

Last updated on 2020-05-27 09:53:47 CEST.

Flavor Version Tinstall Tcheck Ttotal Status Flags
r-devel-linux-x86_64-debian-clang 0.8.1 18.96 151.36 170.32 OK
r-devel-linux-x86_64-debian-gcc 0.8.1 16.31 117.82 134.13 OK
r-devel-linux-x86_64-fedora-clang 0.8.1 207.62 OK
r-devel-linux-x86_64-fedora-gcc 0.8.1 202.44 OK
r-devel-windows-ix86+x86_64 0.8.1 49.00 208.00 257.00 OK
r-patched-linux-x86_64 0.8.1 20.05 153.93 173.98 OK
r-patched-solaris-x86 0.8.1 292.20 OK
r-release-linux-x86_64 0.8.1 20.24 152.64 172.88 OK
r-release-osx-x86_64 0.8.1 OK
r-release-windows-ix86+x86_64 0.8.1 32.00 215.00 247.00 OK
r-oldrel-osx-x86_64 0.8.1 FAIL
r-oldrel-windows-ix86+x86_64 0.8.1 31.00 152.00 183.00 OK

Check Details

Version: 0.8.1
Check: dependencies in R code
Result: FAIL
Flavor: r-oldrel-osx-x86_64