Last updated on 2024-04-25 07:59:55 CEST.
Flavor | Version | Tinstall | Tcheck | Ttotal | Status | Flags |
---|---|---|---|---|---|---|
r-devel-linux-x86_64-debian-clang | 2.1.0 | 18.59 | 157.64 | 176.23 | NOTE | |
r-devel-linux-x86_64-debian-gcc | 2.1.0 | 14.52 | 110.01 | 124.53 | NOTE | |
r-devel-linux-x86_64-fedora-clang | 2.1.0 | 215.11 | NOTE | |||
r-devel-linux-x86_64-fedora-gcc | 2.1.0 | 201.32 | NOTE | |||
r-devel-windows-x86_64 | 2.1.0 | 18.00 | 122.00 | 140.00 | NOTE | |
r-patched-linux-x86_64 | 2.1.0 | 20.99 | 143.89 | 164.88 | NOTE | |
r-release-linux-x86_64 | 2.1.0 | 17.26 | 150.96 | 168.22 | OK | |
r-release-macos-arm64 | 2.1.0 | 59.00 | NOTE | |||
r-release-windows-x86_64 | 2.1.0 | 17.00 | 126.00 | 143.00 | NOTE | |
r-oldrel-macos-arm64 | 2.1.0 | 56.00 | OK | |||
r-oldrel-macos-x86_64 | 2.1.0 | 121.00 | OK | |||
r-oldrel-windows-x86_64 | 2.1.0 | 25.00 | 152.00 | 177.00 | OK |
Version: 2.1.0
Check: Rd files
Result: NOTE
checkRd: (-1) write_workflow.Rd:8: Lost braces
8 | code{write_workflow} writes a workflow script for inference. Beyond possibly saving some typing, this suggests what may be a reasonably good starting workflow. One should not expect to control all options of the workflow through the \code{write_workflow} arguments.
| ^
Flavors: r-devel-linux-x86_64-debian-clang, r-devel-linux-x86_64-debian-gcc, r-devel-linux-x86_64-fedora-clang, r-devel-linux-x86_64-fedora-gcc, r-devel-windows-x86_64, r-patched-linux-x86_64, r-release-macos-arm64, r-release-windows-x86_64