CRAN Package Check Results for Package IOHanalyzer

Last updated on 2020-08-14 10:03:39 CEST.

Flavor Version Tinstall Tcheck Ttotal Status Flags
r-devel-linux-x86_64-debian-clang 0.1.4 69.80 101.02 170.82 OK
r-devel-linux-x86_64-debian-gcc 0.1.4 56.49 72.66 129.15 OK
r-devel-linux-x86_64-fedora-clang 0.1.4 216.64 NOTE
r-devel-linux-x86_64-fedora-gcc 0.1.4 207.29 NOTE
r-devel-windows-ix86+x86_64 0.1.4 150.00 248.00 398.00 NOTE
r-patched-linux-x86_64 0.1.4 57.84 94.09 151.93 OK
r-patched-solaris-x86 0.1.4 252.00 NOTE
r-release-linux-x86_64 0.1.4 57.31 93.98 151.29 OK
r-release-macos-x86_64 0.1.4 NOTE
r-release-windows-ix86+x86_64 0.1.4 147.00 170.00 317.00 NOTE
r-oldrel-macos-x86_64 0.1.4 NOTE
r-oldrel-windows-ix86+x86_64 0.1.4 100.00 182.00 282.00 OK

Check Details

Version: 0.1.4
Check: dependencies in R code
Result: NOTE
    Namespaces in Imports field not imported from:
     ‘DT’ ‘bsplus’ ‘colourpicker’ ‘kableExtra’ ‘markdown’ ‘reshape2’
     ‘shinyjs’
     All declared Imports should be used.
Flavors: r-devel-linux-x86_64-fedora-clang, r-devel-linux-x86_64-fedora-gcc, r-patched-solaris-x86, r-release-macos-x86_64, r-oldrel-macos-x86_64

Version: 0.1.4
Check: data for non-ASCII characters
Result: NOTE
     Note: found 75 marked UTF-8 strings
Flavors: r-devel-linux-x86_64-fedora-clang, r-devel-linux-x86_64-fedora-gcc, r-patched-solaris-x86, r-release-macos-x86_64, r-oldrel-macos-x86_64

Version: 0.1.4
Check: installed package size
Result: NOTE
     installed size is 5.2Mb
     sub-directories of 1Mb or more:
     data 1.4Mb
     libs 2.3Mb
Flavors: r-devel-windows-ix86+x86_64, r-release-windows-ix86+x86_64