CRAN Package Check Results for Package INTRIGUE

Last updated on 2023-06-06 10:57:52 CEST.

Flavor Version Tinstall Tcheck Ttotal Status Flags
r-devel-linux-x86_64-debian-clang 0.1.0 3.24 33.69 36.93 OK
r-devel-linux-x86_64-debian-gcc 0.1.0 2.38 25.16 27.54 OK
r-devel-linux-x86_64-fedora-clang 0.1.0 45.95 NOTE
r-devel-linux-x86_64-fedora-gcc 0.1.0 46.50 NOTE
r-devel-windows-x86_64 0.1.0 5.00 48.00 53.00 OK
r-patched-linux-x86_64 0.1.0 3.59 31.72 35.31 OK
r-release-linux-x86_64 0.1.0 3.25 31.55 34.80 OK
r-release-macos-arm64 0.1.0 20.00 OK
r-release-macos-x86_64 0.1.0 24.00 OK
r-release-windows-x86_64 0.1.0 6.00 49.00 55.00 OK
r-oldrel-macos-arm64 0.1.0 19.00 NOTE
r-oldrel-macos-x86_64 0.1.0 31.00 NOTE
r-oldrel-windows-x86_64 0.1.0 5.00 49.00 54.00 OK

Check Details

Version: 0.1.0
Check: dependencies in R code
Result: NOTE
    Namespace in Imports field not imported from: ‘dplyr’
     All declared Imports should be used.
Flavors: r-devel-linux-x86_64-fedora-clang, r-devel-linux-x86_64-fedora-gcc, r-oldrel-macos-arm64, r-oldrel-macos-x86_64