Last updated on 2023-02-08 09:56:13 CET.
Flavor | Version | Tinstall | Tcheck | Ttotal | Status | Flags |
---|---|---|---|---|---|---|
r-devel-linux-x86_64-debian-clang | 1.0.0 | 8.70 | 368.87 | 377.57 | OK | |
r-devel-linux-x86_64-debian-gcc | 1.0.0 | 7.51 | 263.90 | 271.41 | OK | |
r-devel-linux-x86_64-fedora-clang | 1.0.0 | 474.85 | NOTE | |||
r-devel-linux-x86_64-fedora-gcc | 1.0.0 | 488.14 | NOTE | |||
r-devel-windows-x86_64 | 1.0.0 | 19.00 | 410.00 | 429.00 | OK | |
r-patched-linux-x86_64 | 1.0.0 | 6.83 | 347.00 | 353.83 | OK | |
r-release-linux-x86_64 | 1.0.0 | 8.13 | 360.95 | 369.08 | OK | |
r-release-macos-arm64 | 1.0.0 | 149.00 | NOTE | |||
r-release-macos-x86_64 | 1.0.0 | 388.00 | NOTE | |||
r-release-windows-x86_64 | 1.0.0 | 21.00 | 430.00 | 451.00 | OK | |
r-oldrel-macos-arm64 | 1.0.0 | 166.00 | NOTE | |||
r-oldrel-macos-x86_64 | 1.0.0 | 343.00 | NOTE | |||
r-oldrel-windows-ix86+x86_64 | 1.0.0 | 20.00 | 431.00 | 451.00 | OK |
Version: 1.0.0
Check: dependencies in R code
Result: NOTE
Namespaces in Imports field not imported from:
‘lme4’ ‘reshape2’
All declared Imports should be used.
Flavors: r-devel-linux-x86_64-fedora-clang, r-devel-linux-x86_64-fedora-gcc, r-release-macos-arm64, r-release-macos-x86_64, r-oldrel-macos-arm64, r-oldrel-macos-x86_64