CRAN Package Check Results for Package IDPmisc

Last updated on 2022-05-16 09:50:10 CEST.

Flavor Version Tinstall Tcheck Ttotal Status Flags
r-devel-linux-x86_64-debian-clang 1.1.20 7.82 70.74 78.56 OK
r-devel-linux-x86_64-debian-gcc 1.1.20 6.03 51.06 57.09 OK
r-devel-linux-x86_64-fedora-clang 1.1.20 90.40 NOTE
r-devel-linux-x86_64-fedora-gcc 1.1.20 88.92 OK
r-devel-windows-x86_64 1.1.20 31.00 84.00 115.00 OK
r-patched-linux-x86_64 1.1.20 8.72 66.20 74.92 OK
r-release-linux-x86_64 1.1.20 6.35 65.46 71.81 OK
r-release-macos-arm64 1.1.20 33.00 OK
r-release-macos-x86_64 1.1.20 41.00 OK
r-release-windows-x86_64 1.1.20 45.00 89.00 134.00 OK
r-oldrel-macos-arm64 1.1.20 33.00 OK
r-oldrel-macos-x86_64 1.1.20 56.00 OK
r-oldrel-windows-ix86+x86_64 1.1.20 18.00 102.00 120.00 OK

Check Details

Version: 1.1.20
Check: Rd cross-references
Result: NOTE
    Undeclared packages ‘sfsmisc’, ‘RColorBrewer’, ‘hexbin’ in Rd xrefs
Flavor: r-devel-linux-x86_64-fedora-clang