CRAN Package Check Results for Package ICsurv

Last updated on 2020-08-11 09:48:36 CEST.

Flavor Version Tinstall Tcheck Ttotal Status Flags
r-devel-linux-x86_64-debian-clang 1.0 2.62 26.54 29.16 NOTE
r-devel-linux-x86_64-debian-gcc 1.0 2.34 20.07 22.41 NOTE
r-devel-linux-x86_64-fedora-clang 1.0 43.29 NOTE
r-devel-linux-x86_64-fedora-gcc 1.0 33.69 NOTE
r-devel-windows-ix86+x86_64 1.0 10.00 48.00 58.00 NOTE
r-patched-linux-x86_64 1.0 2.65 25.78 28.43 NOTE
r-patched-solaris-x86 1.0 52.40 NOTE
r-release-linux-x86_64 1.0 2.86 25.57 28.43 NOTE
r-release-macos-x86_64 1.0 NOTE
r-release-windows-ix86+x86_64 1.0 7.00 40.00 47.00 NOTE
r-oldrel-macos-x86_64 1.0 NOTE
r-oldrel-windows-ix86+x86_64 1.0 6.00 42.00 48.00 NOTE

Check Details

Version: 1.0
Check: R code for possible problems
Result: NOTE
    PH.ICsurv.EM: no visible global function definition for 'quantile'
    PH.ICsurv.EM: no visible global function definition for 'optim'
    fast.PH.ICsurv.EM: no visible global function definition for 'quantile'
    fast.PH.ICsurv.EM: no visible global function definition for 'optim'
    Undefined global functions or variables:
     optim quantile
    Consider adding
     importFrom("stats", "optim", "quantile")
    to your NAMESPACE file.
Flavors: r-devel-linux-x86_64-debian-clang, r-devel-linux-x86_64-debian-gcc, r-devel-linux-x86_64-fedora-clang, r-devel-linux-x86_64-fedora-gcc, r-devel-windows-ix86+x86_64, r-patched-linux-x86_64, r-patched-solaris-x86, r-release-linux-x86_64, r-release-macos-x86_64, r-release-windows-ix86+x86_64, r-oldrel-macos-x86_64, r-oldrel-windows-ix86+x86_64