CRAN Package Check Results for Package ICcforest

Last updated on 2022-01-18 10:17:17 CET.

Flavor Version Tinstall Tcheck Ttotal Status Flags
r-devel-linux-x86_64-debian-clang 0.5.1 7.95 103.96 111.91 NOTE
r-devel-linux-x86_64-debian-gcc 0.5.1 8.39 85.91 94.30 NOTE
r-devel-linux-x86_64-fedora-clang 0.5.1 133.18 NOTE
r-devel-linux-x86_64-fedora-gcc 0.5.1 121.19 NOTE
r-devel-windows-x86_64-new-UL 0.5.1 36.00 115.00 151.00 NOTE
r-devel-windows-x86_64-new-TK 0.5.1 NOTE
r-patched-linux-x86_64 0.5.1 7.44 97.49 104.93 NOTE
r-release-linux-x86_64 0.5.1 NOTE
r-release-macos-arm64 0.5.1 NOTE
r-release-macos-x86_64 0.5.1 NOTE
r-release-windows-ix86+x86_64 0.5.1 21.00 119.00 140.00 NOTE
r-oldrel-macos-x86_64 0.5.1 OK
r-oldrel-windows-ix86+x86_64 0.5.1 22.00 121.00 143.00 OK

Check Details

Version: 0.5.1
Check: LazyData
Result: NOTE
     'LazyData' is specified without a 'data' directory
Flavors: r-devel-linux-x86_64-debian-clang, r-devel-linux-x86_64-debian-gcc, r-devel-linux-x86_64-fedora-clang, r-devel-linux-x86_64-fedora-gcc, r-devel-windows-x86_64-new-UL, r-devel-windows-x86_64-new-TK, r-patched-linux-x86_64, r-release-linux-x86_64, r-release-macos-arm64, r-release-macos-x86_64, r-release-windows-ix86+x86_64

Version: 0.5.1
Check: package dependencies
Result: NOTE
    Package suggested but not available for checking: ‘LTRCtrees’
Flavor: r-release-macos-arm64

Version: 0.5.1
Check: Rd cross-references
Result: NOTE
    Package unavailable to check Rd xrefs: ‘LTRCtrees’
Flavor: r-release-macos-arm64