CRAN Package Check Results for Package HeritSeq

Last updated on 2020-08-06 09:49:00 CEST.

Flavor Version Tinstall Tcheck Ttotal Status Flags
r-devel-linux-x86_64-debian-clang 1.0.1 32.40 284.08 316.48 NOTE
r-devel-linux-x86_64-debian-gcc 1.0.1 28.88 208.81 237.69 NOTE
r-devel-linux-x86_64-fedora-clang 1.0.1 386.56 NOTE
r-devel-linux-x86_64-fedora-gcc 1.0.1 371.24 NOTE
r-devel-windows-ix86+x86_64 1.0.1 95.00 274.00 369.00 NOTE
r-patched-linux-x86_64 1.0.1 30.83 269.61 300.44 NOTE
r-patched-solaris-x86 1.0.1 554.60 NOTE
r-release-linux-x86_64 1.0.1 30.33 270.25 300.58 NOTE
r-release-macos-x86_64 1.0.1 NOTE
r-release-windows-ix86+x86_64 1.0.1 82.00 356.00 438.00 NOTE
r-oldrel-macos-x86_64 1.0.1 ERROR
r-oldrel-windows-ix86+x86_64 1.0.1 57.00 335.00 392.00 NOTE

Check Details

Version: 1.0.1
Check: package dependencies
Result: NOTE
    Package suggested but not available for checking: 'glmmADMB'
Flavors: r-devel-linux-x86_64-debian-clang, r-devel-linux-x86_64-debian-gcc, r-devel-linux-x86_64-fedora-clang, r-devel-linux-x86_64-fedora-gcc, r-devel-windows-ix86+x86_64, r-patched-linux-x86_64, r-patched-solaris-x86, r-release-linux-x86_64, r-release-macos-x86_64, r-release-windows-ix86+x86_64, r-oldrel-macos-x86_64, r-oldrel-windows-ix86+x86_64

Version: 1.0.1
Check: whether package can be installed
Result: ERROR
    Installation failed.
Flavor: r-oldrel-macos-x86_64