Last updated on 2023-02-09 10:06:11 CET.
Flavor | Version | Tinstall | Tcheck | Ttotal | Status | Flags |
---|---|---|---|---|---|---|
r-devel-linux-x86_64-debian-clang | 7.3.0 | 28.28 | 376.72 | 405.00 | OK | |
r-devel-linux-x86_64-debian-gcc | 7.3.0 | 20.34 | 273.67 | 294.01 | OK | |
r-devel-linux-x86_64-fedora-clang | 7.3.0 | 493.93 | OK | |||
r-devel-linux-x86_64-fedora-gcc | 7.3.0 | 493.36 | OK | |||
r-devel-windows-x86_64 | 7.3.0 | 102.00 | 459.00 | 561.00 | OK | |
r-patched-linux-x86_64 | 7.3.0 | 21.97 | 346.10 | 368.07 | OK | |
r-release-linux-x86_64 | 7.3.0 | 20.48 | 337.37 | 357.85 | OK | |
r-release-macos-arm64 | 7.3.0 | 138.00 | NOTE | |||
r-release-macos-x86_64 | 7.3.0 | 163.00 | NOTE | |||
r-release-windows-x86_64 | 7.3.0 | 84.00 | 455.00 | 539.00 | OK | |
r-oldrel-macos-arm64 | 7.3.0 | 140.00 | NOTE | |||
r-oldrel-macos-x86_64 | 7.3.0 | 162.00 | NOTE | |||
r-oldrel-windows-ix86+x86_64 | 7.3.0 | 51.00 | 475.00 | 526.00 | OK |
Version: 7.3.0
Check: package dependencies
Result: NOTE
Package suggested but not available for checking: ‘Rmpi’
Flavors: r-release-macos-arm64, r-release-macos-x86_64, r-oldrel-macos-arm64, r-oldrel-macos-x86_64