Last updated on 2022-05-28 10:50:46 CEST.
Flavor | Version | Tinstall | Tcheck | Ttotal | Status | Flags |
---|---|---|---|---|---|---|
r-devel-linux-x86_64-debian-clang | 1.2.2 | 11.73 | 166.59 | 178.32 | OK | |
r-devel-linux-x86_64-debian-gcc | 1.2.2 | 7.40 | 117.87 | 125.27 | OK | |
r-devel-linux-x86_64-fedora-clang | 1.2.2 | 196.48 | NOTE | |||
r-devel-linux-x86_64-fedora-gcc | 1.2.2 | 195.02 | NOTE | |||
r-devel-windows-x86_64 | 1.2.2 | 47.00 | 203.00 | 250.00 | NOTE | |
r-patched-linux-x86_64 | 1.2.2 | 16.05 | 149.35 | 165.40 | OK | |
r-release-linux-x86_64 | 1.2.2 | 8.00 | 152.43 | 160.43 | OK | |
r-release-macos-arm64 | 1.2.2 | 57.00 | NOTE | |||
r-release-macos-x86_64 | 1.2.2 | 113.00 | NOTE | |||
r-release-windows-x86_64 | 1.2.2 | 64.00 | 191.00 | 255.00 | NOTE | |
r-oldrel-macos-arm64 | 1.2.2 | 87.00 | NOTE | |||
r-oldrel-macos-x86_64 | 1.2.2 | 78.00 | NOTE | |||
r-oldrel-windows-ix86+x86_64 | 1.2.2 | 24.00 | 188.00 | 212.00 | NOTE |
Version: 1.2.2
Check: installed package size
Result: NOTE
installed size is 8.2Mb
sub-directories of 1Mb or more:
HaDeX 4.1Mb
doc 4.0Mb
Flavors: r-devel-linux-x86_64-fedora-clang, r-devel-windows-x86_64, r-release-macos-arm64, r-release-macos-x86_64, r-release-windows-x86_64, r-oldrel-macos-arm64, r-oldrel-macos-x86_64, r-oldrel-windows-ix86+x86_64
Version: 1.2.2
Check: dependencies in R code
Result: NOTE
Namespaces in Imports field not imported from:
‘DT’ ‘gsubfn’ ‘stringr’
All declared Imports should be used.
Flavors: r-devel-linux-x86_64-fedora-clang, r-devel-linux-x86_64-fedora-gcc, r-release-macos-arm64, r-release-macos-x86_64, r-oldrel-macos-arm64, r-oldrel-macos-x86_64