CRAN Package Check Results for Package HMMmlselect

Last updated on 2020-08-08 09:48:38 CEST.

Flavor Version Tinstall Tcheck Ttotal Status Flags
r-devel-linux-x86_64-debian-clang 0.1.6 34.39 84.08 118.47 OK
r-devel-linux-x86_64-debian-gcc 0.1.6 24.83 63.67 88.50 OK
r-devel-linux-x86_64-fedora-clang 0.1.6 157.40 OK
r-devel-linux-x86_64-fedora-gcc 0.1.6 140.13 OK
r-devel-windows-ix86+x86_64 0.1.6 66.00 204.00 270.00 OK
r-patched-linux-x86_64 0.1.6 27.43 86.30 113.73 OK
r-patched-solaris-x86 0.1.6 219.90 OK
r-release-linux-x86_64 0.1.6 26.79 87.01 113.80 OK
r-release-macos-x86_64 0.1.6 OK
r-release-windows-ix86+x86_64 0.1.6 73.00 210.00 283.00 OK
r-oldrel-macos-x86_64 0.1.6 OK
r-oldrel-windows-ix86+x86_64 0.1.6 40.00 6.00 46.00 ERROR

Check Details

Version: 0.1.6
Check: whether package can be installed
Result: ERROR
    Installation failed.
Flavor: r-oldrel-windows-ix86+x86_64