Last updated on 2024-05-11 09:51:21 CEST.
Flavor | Version | Tinstall | Tcheck | Ttotal | Status | Flags |
---|---|---|---|---|---|---|
r-devel-linux-x86_64-debian-clang | 0.1.6 | 34.48 | 97.03 | 131.51 | NOTE | |
r-devel-linux-x86_64-debian-gcc | 0.1.6 | 25.40 | 70.27 | 95.67 | NOTE | |
r-devel-linux-x86_64-fedora-clang | 0.1.6 | 175.34 | NOTE | |||
r-devel-linux-x86_64-fedora-gcc | 0.1.6 | 165.72 | NOTE | |||
r-devel-windows-x86_64 | 0.1.6 | 27.00 | 131.00 | 158.00 | NOTE | |
r-patched-linux-x86_64 | 0.1.6 | 33.54 | 91.27 | 124.81 | NOTE | |
r-release-linux-x86_64 | 0.1.6 | 31.86 | 92.38 | 124.24 | NOTE | |
r-release-macos-arm64 | 0.1.6 | 48.00 | NOTE | |||
r-release-windows-x86_64 | 0.1.6 | 28.00 | 130.00 | 158.00 | NOTE | |
r-oldrel-macos-arm64 | 0.1.6 | 53.00 | NOTE | |||
r-oldrel-macos-x86_64 | 0.1.6 | 81.00 | NOTE | |||
r-oldrel-windows-x86_64 | 0.1.6 | 33.00 | 139.00 | 172.00 | NOTE |
Version: 0.1.6
Check: C++ specification
Result: NOTE
Specified C++11: please drop specification unless essential
Flavors: r-devel-linux-x86_64-debian-clang, r-devel-linux-x86_64-debian-gcc, r-devel-linux-x86_64-fedora-clang, r-devel-linux-x86_64-fedora-gcc, r-devel-windows-x86_64, r-patched-linux-x86_64, r-release-linux-x86_64, r-release-macos-arm64, r-release-windows-x86_64, r-oldrel-macos-arm64, r-oldrel-macos-x86_64, r-oldrel-windows-x86_64
Version: 0.1.6
Check: LazyData
Result: NOTE
'LazyData' is specified without a 'data' directory
Flavors: r-devel-linux-x86_64-debian-clang, r-devel-linux-x86_64-debian-gcc, r-devel-linux-x86_64-fedora-clang, r-devel-linux-x86_64-fedora-gcc, r-devel-windows-x86_64, r-patched-linux-x86_64, r-release-linux-x86_64, r-release-macos-arm64, r-release-windows-x86_64, r-oldrel-macos-arm64, r-oldrel-macos-x86_64, r-oldrel-windows-x86_64