CRAN Package Check Results for Package Greg

Last updated on 2024-07-23 10:56:04 CEST.

Flavor Version Tinstall Tcheck Ttotal Status Flags
r-devel-linux-x86_64-debian-clang 2.0.2 22.29 241.74 264.03 OK
r-devel-linux-x86_64-debian-gcc 2.0.2 17.26 181.72 198.98 NOTE
r-devel-linux-x86_64-fedora-clang 2.0.2 348.81 OK
r-devel-linux-x86_64-fedora-gcc 2.0.2 324.56 OK
r-devel-windows-x86_64 2.0.2 20.00 187.00 207.00 NOTE
r-patched-linux-x86_64 2.0.2 26.57 231.10 257.67 OK
r-release-linux-x86_64 2.0.2 14.31 229.87 244.18 OK
r-release-macos-arm64 2.0.2 93.00 OK
r-release-macos-x86_64 2.0.2 134.00 OK
r-release-windows-x86_64 2.0.2 19.00 184.00 203.00 OK
r-oldrel-macos-arm64 2.0.2 99.00 OK
r-oldrel-macos-x86_64 2.0.2 229.00 OK
r-oldrel-windows-x86_64 2.0.2 27.00 252.00 279.00 OK

Check Details

Version: 2.0.2
Check: Rd cross-references
Result: NOTE Found the following Rd file(s) with Rd \link{} targets missing package anchors: caDescribeOpts.Rd: describeMean, describeFactors prGetStatistics.Rd: describeMean, describeFactors Please provide package anchors for all Rd \link{} targets not in the package itself and the base packages. Flavors: r-devel-linux-x86_64-debian-gcc, r-devel-windows-x86_64