Last updated on 2024-03-28 10:49:35 CET.
Flavor | Version | Tinstall | Tcheck | Ttotal | Status | Flags |
---|---|---|---|---|---|---|
r-devel-linux-x86_64-debian-clang | 2.2.0 | 37.40 | 50.76 | 88.16 | NOTE | |
r-devel-linux-x86_64-debian-gcc | 2.2.0 | 29.06 | 39.60 | 68.66 | NOTE | |
r-devel-linux-x86_64-fedora-clang | 2.2.0 | 127.63 | NOTE | |||
r-devel-linux-x86_64-fedora-gcc | 2.2.0 | 118.95 | NOTE | |||
r-devel-windows-x86_64 | 2.2.0 | 32.00 | 79.00 | 111.00 | NOTE | |
r-patched-linux-x86_64 | 2.2.0 | 35.04 | 50.51 | 85.55 | NOTE | |
r-release-linux-x86_64 | 2.2.0 | 35.03 | 50.44 | 85.47 | NOTE | |
r-release-macos-arm64 | 2.2.0 | 35.00 | NOTE | |||
r-release-macos-x86_64 | 2.2.0 | 55.00 | NOTE | |||
r-release-windows-x86_64 | 2.2.0 | 41.00 | 93.00 | 134.00 | NOTE | |
r-oldrel-macos-arm64 | 2.2.0 | 37.00 | OK | |||
r-oldrel-windows-x86_64 | 2.2.0 | 39.00 | 88.00 | 127.00 | OK |
Version: 2.2.0
Check: C++ specification
Result: NOTE
Specified C++11: please drop specification unless essential
Flavors: r-devel-linux-x86_64-debian-clang, r-devel-linux-x86_64-debian-gcc, r-devel-linux-x86_64-fedora-clang, r-devel-linux-x86_64-fedora-gcc, r-devel-windows-x86_64, r-patched-linux-x86_64, r-release-linux-x86_64, r-release-macos-arm64, r-release-macos-x86_64, r-release-windows-x86_64