Last updated on 2023-02-02 09:59:53 CET.
Flavor | Version | Tinstall | Tcheck | Ttotal | Status | Flags |
---|---|---|---|---|---|---|
r-devel-linux-x86_64-debian-clang | 0.2.0 | 4.07 | 39.68 | 43.75 | OK | |
r-devel-linux-x86_64-debian-gcc | 0.2.0 | 3.75 | 28.92 | 32.67 | OK | |
r-devel-linux-x86_64-fedora-clang | 0.2.0 | 56.92 | NOTE | |||
r-devel-linux-x86_64-fedora-gcc | 0.2.0 | 52.53 | OK | |||
r-patched-linux-x86_64 | 0.2.0 | 5.65 | 36.79 | 42.44 | OK | |
r-release-linux-x86_64 | 0.2.0 | 4.35 | 37.59 | 41.94 | OK | |
r-release-macos-arm64 | 0.2.0 | 18.00 | OK | |||
r-release-macos-x86_64 | 0.2.0 | 26.00 | OK | |||
r-release-windows-x86_64 | 0.2.0 | 25.00 | 73.00 | 98.00 | OK | |
r-oldrel-macos-arm64 | 0.2.0 | 29.00 | OK | |||
r-oldrel-macos-x86_64 | 0.2.0 | 25.00 | OK | |||
r-oldrel-windows-ix86+x86_64 | 0.2.0 | 9.00 | 62.00 | 71.00 | OK |
Version: 0.2.0
Check: Rd cross-references
Result: NOTE
Undeclared package ‘RiemBase’ in Rd xrefs
Flavor: r-devel-linux-x86_64-fedora-clang