Last updated on 2023-05-28 10:00:44 CEST.
Flavor | Version | Tinstall | Tcheck | Ttotal | Status | Flags |
---|---|---|---|---|---|---|
r-devel-linux-x86_64-debian-clang | 0.2.2 | 10.81 | 125.99 | 136.80 | OK | |
r-devel-linux-x86_64-debian-gcc | 0.2.2 | 7.23 | 89.27 | 96.50 | OK | |
r-devel-linux-x86_64-fedora-clang | 0.2.2 | 172.00 | OK | |||
r-devel-linux-x86_64-fedora-gcc | 0.2.2 | 191.72 | OK | |||
r-devel-windows-x86_64 | 0.2.2 | 12.00 | 110.00 | 122.00 | OK | |
r-patched-linux-x86_64 | 0.2.2 | 10.19 | 116.12 | 126.31 | OK | |
r-release-linux-x86_64 | 0.2.2 | 8.83 | 113.53 | 122.36 | OK | |
r-release-macos-arm64 | 0.2.2 | 49.00 | OK | |||
r-release-macos-x86_64 | 0.2.2 | 74.00 | NOTE | |||
r-release-windows-x86_64 | 0.2.2 | 12.00 | 131.00 | 143.00 | OK | |
r-oldrel-macos-arm64 | 0.2.2 | 47.00 | OK | |||
r-oldrel-macos-x86_64 | 0.2.2 | 65.00 | OK | |||
r-oldrel-windows-x86_64 | 0.2.2 | 13.00 | 131.00 | 144.00 | OK |
Version: 0.2.2
Check: package dependencies
Result: NOTE
Package suggested but not available for checking: ‘xgboost’
Flavor: r-release-macos-x86_64