Last updated on 2022-08-10 10:52:09 CEST.
Flavor | Version | Tinstall | Tcheck | Ttotal | Status | Flags |
---|---|---|---|---|---|---|
r-devel-linux-x86_64-debian-clang | 3.1.1 | 42.08 | 383.98 | 426.06 | NOTE | |
r-devel-linux-x86_64-debian-gcc | 3.1.1 | 42.25 | 277.06 | 319.31 | NOTE | |
r-devel-linux-x86_64-fedora-clang | 3.1.1 | 498.91 | NOTE | |||
r-devel-linux-x86_64-fedora-gcc | 3.1.1 | 520.93 | NOTE | |||
r-devel-windows-x86_64 | 3.1.1 | 53.00 | 350.00 | 403.00 | NOTE | |
r-patched-linux-x86_64 | 3.1.1 | 47.26 | 353.66 | 400.92 | OK | |
r-release-linux-x86_64 | 3.1.1 | OK | ||||
r-release-macos-arm64 | 3.1.1 | 93.00 | OK | |||
r-release-macos-x86_64 | 3.1.1 | 216.00 | OK | |||
r-release-windows-x86_64 | 3.1.1 | 53.00 | 350.00 | 403.00 | OK | |
r-oldrel-macos-arm64 | 3.1.1 | 91.00 | OK | |||
r-oldrel-macos-x86_64 | 3.1.1 | 140.00 | OK | |||
r-oldrel-windows-ix86+x86_64 | 3.1.1 | 94.00 | 341.00 | 435.00 | OK |
Version: 3.1.1
Check: package subdirectories
Result: NOTE
Problems with news in 'NEWS.md':
No news entries found.
Flavors: r-devel-linux-x86_64-debian-clang, r-devel-linux-x86_64-debian-gcc, r-devel-linux-x86_64-fedora-clang, r-devel-linux-x86_64-fedora-gcc, r-devel-windows-x86_64
Version: 3.1.1
Check: package dependencies
Result: NOTE
Imports includes 21 non-default packages.
Importing from so many packages makes the package vulnerable to any of
them becoming unavailable. Move as many as possible to Suggests and
use conditionally.
Flavor: r-devel-linux-x86_64-fedora-clang