Last updated on 2024-04-24 10:22:56 CEST.
Flavor | Version | Tinstall | Tcheck | Ttotal | Status | Flags |
---|---|---|---|---|---|---|
r-devel-linux-x86_64-debian-clang | 1.2.7 | 2.36 | 2.36 | ERROR | ||
r-devel-linux-x86_64-debian-gcc | 1.2.7 | 150.80 | 308.57 | 459.37 | OK | |
r-devel-linux-x86_64-fedora-clang | 1.2.7 | 806.28 | NOTE | |||
r-devel-linux-x86_64-fedora-gcc | 1.2.7 | 805.38 | OK | |||
r-devel-windows-x86_64 | 1.2.7 | 182.00 | 317.00 | 499.00 | NOTE | |
r-patched-linux-x86_64 | 1.2.7 | 116.78 | 390.51 | 507.29 | OK | |
r-release-linux-x86_64 | 1.2.7 | 143.80 | 404.19 | 547.99 | OK | |
r-release-macos-arm64 | 1.2.7 | 229.00 | NOTE | |||
r-release-macos-x86_64 | 1.2.7 | 501.00 | NOTE | |||
r-release-windows-x86_64 | 1.2.7 | 232.00 | 411.00 | 643.00 | NOTE | |
r-oldrel-macos-arm64 | 1.2.7 | 220.00 | NOTE | |||
r-oldrel-macos-x86_64 | 1.2.7 | 579.00 | NOTE | |||
r-oldrel-windows-x86_64 | 1.2.7 | 225.00 | 395.00 | 620.00 | NOTE |
Version: 1.2.7
Check: package dependencies
Result: ERROR
Package required but not available: ‘annotate’
See section ‘The DESCRIPTION file’ in the ‘Writing R Extensions’
manual.
Flavor: r-devel-linux-x86_64-debian-clang
Version: 1.2.7
Check: installed package size
Result: NOTE
installed size is 6.3Mb
sub-directories of 1Mb or more:
R 5.7Mb
Flavors: r-devel-linux-x86_64-fedora-clang, r-devel-windows-x86_64, r-release-macos-arm64, r-release-macos-x86_64, r-release-windows-x86_64, r-oldrel-macos-arm64, r-oldrel-macos-x86_64, r-oldrel-windows-x86_64