Last updated on 2022-05-16 09:50:09 CEST.
Flavor | Version | Tinstall | Tcheck | Ttotal | Status | Flags |
---|---|---|---|---|---|---|
r-devel-linux-x86_64-debian-clang | 0.1.0 | 2.64 | 47.46 | 50.10 | OK | |
r-devel-linux-x86_64-debian-gcc | 0.1.0 | 1.82 | 35.64 | 37.46 | OK | |
r-devel-linux-x86_64-fedora-clang | 0.1.0 | 62.73 | NOTE | |||
r-devel-linux-x86_64-fedora-gcc | 0.1.0 | 57.17 | NOTE | |||
r-devel-windows-x86_64 | 0.1.0 | 15.00 | 66.00 | 81.00 | OK | |
r-patched-linux-x86_64 | 0.1.0 | 2.47 | 45.66 | 48.13 | OK | |
r-release-linux-x86_64 | 0.1.0 | 2.48 | 45.19 | 47.67 | OK | |
r-release-macos-arm64 | 0.1.0 | 21.00 | NOTE | |||
r-release-macos-x86_64 | 0.1.0 | 32.00 | NOTE | |||
r-release-windows-x86_64 | 0.1.0 | 19.00 | 71.00 | 90.00 | OK | |
r-oldrel-macos-arm64 | 0.1.0 | 30.00 | NOTE | |||
r-oldrel-macos-x86_64 | 0.1.0 | 35.00 | NOTE | |||
r-oldrel-windows-ix86+x86_64 | 0.1.0 | 9.00 | 64.00 | 73.00 | OK |
Version: 0.1.0
Check: dependencies in R code
Result: NOTE
Namespaces in Imports field not imported from:
‘AER’ ‘MASS’ ‘Matrix’ ‘censReg’ ‘effects’ ‘foreign’ ‘lme4’ ‘lmtest’
‘nnet’ ‘pBrackets’ ‘plm’ ‘pscl’ ‘sandwich’
All declared Imports should be used.
Flavors: r-devel-linux-x86_64-fedora-clang, r-devel-linux-x86_64-fedora-gcc, r-release-macos-arm64, r-release-macos-x86_64, r-oldrel-macos-arm64, r-oldrel-macos-x86_64