Last updated on 2024-04-17 08:57:32 CEST.
Flavor | Version | Tinstall | Tcheck | Ttotal | Status | Flags |
---|---|---|---|---|---|---|
r-devel-linux-x86_64-debian-clang | 0.5 | 17.94 | 144.80 | 162.74 | NOTE | |
r-devel-linux-x86_64-debian-gcc | 0.5 | 12.23 | 104.28 | 116.51 | NOTE | |
r-devel-linux-x86_64-fedora-clang | 0.5 | 203.35 | NOTE | |||
r-devel-linux-x86_64-fedora-gcc | 0.5 | 196.43 | NOTE | |||
r-prerel-macos-arm64 | 0.5 | 57.00 | NOTE | |||
r-prerel-windows-x86_64 | 0.5 | 15.00 | 106.00 | 121.00 | NOTE | |
r-patched-linux-x86_64 | 0.5 | 15.26 | 138.23 | 153.49 | NOTE | |
r-release-linux-x86_64 | 0.5 | 15.47 | 139.68 | 155.15 | OK | |
r-release-macos-arm64 | 0.5 | 67.00 | OK | |||
r-release-macos-x86_64 | 0.5 | 98.00 | OK | |||
r-release-windows-x86_64 | 0.5 | 16.00 | 125.00 | 141.00 | OK | |
r-oldrel-macos-arm64 | 0.5 | 71.00 | OK | |||
r-oldrel-windows-x86_64 | 0.5 | 16.00 | 122.00 | 138.00 | OK |
Version: 0.5
Check: Rd files
Result: NOTE
checkRd: (-1) MODFIT.Rd:33: Lost braces; missing escapes or markup?
33 | {chisq_i = sum( (O_iz - E_iz)^2 / E_iz; z = 0, ..., C ), }
| ^
checkRd: (-1) probs.GGUM.Rd:27: Lost braces; missing escapes or markup?
27 | GUM-based probabilities just constrain alpha to a unit vector of length {I}
| ^
Flavors: r-devel-linux-x86_64-debian-clang, r-devel-linux-x86_64-debian-gcc, r-devel-linux-x86_64-fedora-clang, r-devel-linux-x86_64-fedora-gcc, r-prerel-macos-arm64, r-prerel-windows-x86_64, r-patched-linux-x86_64