CRAN Package Check Results for Package GDAtools

Last updated on 2020-08-04 09:48:26 CEST.

Flavor Version Tinstall Tcheck Ttotal Status Flags
r-devel-linux-x86_64-debian-clang 1.5 9.31 75.33 84.64 OK
r-devel-linux-x86_64-debian-gcc 1.5 7.20 55.90 63.10 OK
r-devel-linux-x86_64-fedora-clang 1.5 105.97 NOTE
r-devel-linux-x86_64-fedora-gcc 1.5 97.67 OK
r-devel-windows-ix86+x86_64 1.5 29.00 129.00 158.00 OK
r-patched-linux-x86_64 1.5 6.81 72.61 79.42 OK
r-patched-solaris-x86 1.5 135.30 OK
r-release-linux-x86_64 1.5 7.99 72.48 80.47 OK
r-release-macos-x86_64 1.5 OK
r-release-windows-ix86+x86_64 1.5 22.00 99.00 121.00 OK
r-oldrel-macos-x86_64 1.5 OK
r-oldrel-windows-ix86+x86_64 1.5 14.00 80.00 94.00 OK

Check Details

Version: 1.5
Check: Rd cross-references
Result: NOTE
    Undeclared package ‘vcd’ in Rd xrefs
Flavor: r-devel-linux-x86_64-fedora-clang